CRAN Package Check Results for Package warabandi

Last updated on 2023-06-07 12:00:51 CEST.

Flavor Version Tinstall Tcheck Ttotal Status Flags
r-devel-linux-x86_64-debian-clang 0.1.0 2.41 30.20 32.61 OK
r-devel-linux-x86_64-debian-gcc 0.1.0 2.06 23.04 25.10 OK
r-devel-linux-x86_64-fedora-clang 0.1.0 42.54 NOTE
r-devel-linux-x86_64-fedora-gcc 0.1.0 50.58 NOTE
r-devel-windows-x86_64 0.1.0 5.00 46.00 51.00 OK
r-patched-linux-x86_64 0.1.0 2.45 28.66 31.11 OK
r-release-linux-x86_64 0.1.0 2.61 28.54 31.15 OK
r-release-macos-arm64 0.1.0 25.00 OK
r-release-macos-x86_64 0.1.0 37.00 OK
r-release-windows-x86_64 0.1.0 4.00 47.00 51.00 OK
r-oldrel-macos-arm64 0.1.0 19.00 NOTE
r-oldrel-macos-x86_64 0.1.0 25.00 NOTE
r-oldrel-windows-x86_64 0.1.0 4.00 50.00 54.00 OK

Check Details

Version: 0.1.0
Check: dependencies in R code
Result: NOTE
    Namespace in Imports field not imported from: ‘flextable’
     All declared Imports should be used.
Flavors: r-devel-linux-x86_64-fedora-clang, r-devel-linux-x86_64-fedora-gcc, r-oldrel-macos-arm64, r-oldrel-macos-x86_64