CRAN Package Check Results for Package washeR

Last updated on 2022-01-24 17:50:13 CET.

Flavor Version Tinstall Tcheck Ttotal Status Flags
r-devel-linux-x86_64-debian-clang 0.1.2 2.18 34.60 36.78 NOTE
r-devel-linux-x86_64-debian-gcc 0.1.2 1.86 26.76 28.62 NOTE
r-devel-linux-x86_64-fedora-clang 0.1.2 45.19 NOTE
r-devel-linux-x86_64-fedora-gcc 0.1.2 34.49 NOTE
r-devel-windows-x86_64-new-UL 0.1.2 15.00 51.00 66.00 OK
r-devel-windows-x86_64-new-TK 0.1.2 OK
r-patched-linux-x86_64 0.1.2 2.15 32.76 34.91 NOTE
r-release-linux-x86_64 0.1.2 2.33 33.27 35.60 NOTE
r-release-macos-arm64 0.1.2 OK
r-release-macos-x86_64 0.1.2 OK
r-release-windows-ix86+x86_64 0.1.2 5.00 42.00 47.00 OK
r-oldrel-macos-x86_64 0.1.2 OK
r-oldrel-windows-ix86+x86_64 0.1.2 5.00 44.00 49.00 OK

Check Details

Version: 0.1.2
Check: for non-standard things in the check directory
Result: NOTE
    Found the following files/directories:
     'linout.csv' 'linout.pdf' 'out.csv' 'out.pdf' 'tabel_out.csv'
Flavors: r-devel-linux-x86_64-debian-clang, r-devel-linux-x86_64-debian-gcc, r-devel-linux-x86_64-fedora-clang, r-devel-linux-x86_64-fedora-gcc, r-patched-linux-x86_64, r-release-linux-x86_64