Last updated on 2023-10-03 01:05:08 CEST.
Flavor | Version | Tinstall | Tcheck | Ttotal | Status | Flags |
---|---|---|---|---|---|---|
r-devel-linux-x86_64-debian-clang | 0.4 | 80.34 | 29.64 | 109.98 | OK | |
r-devel-linux-x86_64-debian-gcc | 0.4 | 59.94 | 23.13 | 83.07 | OK | |
r-devel-linux-x86_64-fedora-clang | 0.4 | 160.67 | OK | |||
r-devel-linux-x86_64-fedora-gcc | 0.4 | 168.40 | OK | |||
r-devel-windows-x86_64 | 0.4 | 64.00 | 68.00 | 132.00 | OK | |
r-patched-linux-x86_64 | 0.4 | 74.83 | 28.82 | 103.65 | OK | |
r-release-linux-x86_64 | 0.4 | 87.28 | 28.79 | 116.07 | OK | |
r-release-macos-arm64 | 0.4 | 44.00 | NOTE | |||
r-release-macos-x86_64 | 0.4 | 56.00 | NOTE | |||
r-release-windows-x86_64 | 0.4 | 77.00 | 73.00 | 150.00 | OK | |
r-oldrel-macos-arm64 | 0.4 | 46.00 | NOTE | |||
r-oldrel-macos-x86_64 | 0.4 | 54.00 | NOTE | |||
r-oldrel-windows-x86_64 | 0.4 | 75.00 | 71.00 | 146.00 | OK |
Version: 0.4
Check: installed package size
Result: NOTE
installed size is 5.9Mb
sub-directories of 1Mb or more:
libs 5.8Mb
Flavors: r-release-macos-arm64, r-release-macos-x86_64, r-oldrel-macos-arm64, r-oldrel-macos-x86_64