CRAN Package Check Results for Package wavethresh

Last updated on 2019-06-16 22:49:45 CEST.

Flavor Version Tinstall Tcheck Ttotal Status Flags
r-devel-linux-x86_64-debian-clang 4.6.8 26.28 91.75 118.03 OK
r-devel-linux-x86_64-debian-gcc 4.6.8 16.65 71.92 88.57 OK
r-devel-linux-x86_64-fedora-clang 4.6.8 142.88 NOTE
r-devel-linux-x86_64-fedora-gcc 4.6.8 132.63 NOTE
r-devel-windows-ix86+x86_64 4.6.8 78.00 131.00 209.00 OK
r-patched-linux-x86_64 4.6.8 21.25 92.74 113.99 OK
r-patched-solaris-x86 4.6.8 175.60 OK
r-release-linux-x86_64 4.6.8 20.88 92.79 113.67 OK
r-release-windows-ix86+x86_64 4.6.8 42.00 167.00 209.00 OK
r-release-osx-x86_64 4.6.8 OK
r-oldrel-windows-ix86+x86_64 4.6.8 39.00 151.00 190.00 OK
r-oldrel-osx-x86_64 4.6.8 OK

Check Details

Version: 4.6.8
Check: compiled code
Result: NOTE
    File ‘wavethresh/libs/wavethresh.so’:
     Found no calls to: ‘R_registerRoutines’, ‘R_useDynamicSymbols’
    
    It is good practice to register native routines and to disable symbol
    search.
    
    See ‘Writing portable packages’ in the ‘Writing R Extensions’ manual.
Flavors: r-devel-linux-x86_64-fedora-clang, r-devel-linux-x86_64-fedora-gcc