Last updated on 2023-06-11 01:01:30 CEST.
Flavor | Version | Tinstall | Tcheck | Ttotal | Status | Flags |
---|---|---|---|---|---|---|
r-devel-linux-x86_64-debian-clang | 0.4.0 | 7.68 | 568.19 | 575.87 | OK | |
r-devel-linux-x86_64-debian-gcc | 0.4.0 | 6.61 | 416.45 | 423.06 | OK | |
r-devel-linux-x86_64-fedora-clang | 0.4.0 | 697.98 | NOTE | |||
r-devel-linux-x86_64-fedora-gcc | 0.4.0 | 698.97 | NOTE | |||
r-devel-windows-x86_64 | 0.4.0 | 9.00 | 379.00 | 388.00 | OK | |
r-patched-linux-x86_64 | 0.4.0 | 5.42 | 538.98 | 544.40 | OK | |
r-release-linux-x86_64 | 0.4.0 | 5.05 | 547.39 | 552.44 | OK | |
r-release-macos-arm64 | 0.4.0 | 166.00 | OK | |||
r-release-macos-x86_64 | 0.3.0 | 345.00 | NOTE | |||
r-release-windows-x86_64 | 0.4.0 | 13.00 | 413.00 | 426.00 | OK | |
r-oldrel-macos-arm64 | 0.4.0 | 184.00 | OK | |||
r-oldrel-macos-x86_64 | 0.4.0 | 201.00 | OK | |||
r-oldrel-windows-x86_64 | 0.4.0 | 11.00 | 420.00 | 431.00 | OK |
Version: 0.4.0
Check: data for non-ASCII characters
Result: NOTE
Note: found 1 marked UTF-8 string
Flavors: r-devel-linux-x86_64-fedora-clang, r-devel-linux-x86_64-fedora-gcc
Version: 0.3.0
Check: package dependencies
Result: NOTE
Package suggested but not available for checking: ‘tidymodels’
Flavor: r-release-macos-x86_64