Last updated on 2023-03-31 05:54:40 CEST.
Flavor | Version | Tinstall | Tcheck | Ttotal | Status | Flags |
---|---|---|---|---|---|---|
r-devel-linux-x86_64-debian-clang | 0.0.5 | 8.52 | 55.84 | 64.36 | OK | |
r-devel-linux-x86_64-debian-gcc | 0.0.5 | 10.26 | 43.41 | 53.67 | OK | |
r-devel-linux-x86_64-fedora-clang | 0.0.5 | 82.52 | NOTE | |||
r-devel-linux-x86_64-fedora-gcc | 0.0.5 | 102.83 | NOTE | |||
r-patched-linux-x86_64 | 0.0.5 | 12.24 | 52.32 | 64.56 | OK | |
r-release-linux-x86_64 | 0.0.5 | 7.51 | 55.41 | 62.92 | OK | |
r-release-macos-arm64 | 0.0.5 | 106.00 | NOTE | |||
r-release-macos-x86_64 | 0.0.5 | 107.00 | NOTE | |||
r-release-windows-x86_64 | 0.0.5 | 22.00 | 98.00 | 120.00 | ERROR | |
r-oldrel-macos-arm64 | 0.0.5 | 103.00 | NOTE | |||
r-oldrel-macos-x86_64 | 0.0.5 | 109.00 | NOTE | |||
r-oldrel-windows-ix86+x86_64 | 0.0.5 | 24.00 | 99.00 | 123.00 | OK |
Version: 0.0.5
Check: data for non-ASCII characters
Result: NOTE
Note: found 4413 marked UTF-8 strings
Flavors: r-devel-linux-x86_64-fedora-clang, r-devel-linux-x86_64-fedora-gcc, r-release-macos-arm64, r-release-macos-x86_64, r-oldrel-macos-arm64, r-oldrel-macos-x86_64
Version: 0.0.5
Check: re-building of vignette outputs
Result: ERROR
Error(s) in re-building vignettes:
--- re-building 'wcde.Rmd' using rmarkdown
Quitting from lines 54-62 (wcde.Rmd)
Error: processing vignette 'wcde.Rmd' failed with diagnostics:
ℹ In argument: `d = purrr::map(.x = u, .f = ~read_with_progress(f =
.x))`.
Caused by error in `purrr::map()`:
ℹ In index: 1.
Caused by error in `open.connection()`:
! Timeout was reached: [dataexplorer.wittgensteincentre.org] Resolving timed out after 10014 milliseconds
--- failed re-building 'wcde.Rmd'
SUMMARY: processing the following file failed:
'wcde.Rmd'
Error: Vignette re-building failed.
Execution halted
Flavor: r-release-windows-x86_64