Last updated on 2024-07-27 17:58:07 CEST.
Flavor | Version | Tinstall | Tcheck | Ttotal | Status | Flags |
---|---|---|---|---|---|---|
r-devel-linux-x86_64-fedora-gcc | 1.0.0 | 503.50 | OK | |||
r-devel-windows-x86_64 | 1.0.0 | 25.00 | 290.00 | 315.00 | OK | |
r-release-macos-arm64 | 1.0.0 | 126.00 | ERROR | |||
r-release-macos-x86_64 | 1.0.0 | 375.00 | OK | |||
r-oldrel-macos-x86_64 | 1.0.0 | 250.00 | OK |
Version: 1.0.0
Check: re-building of vignette outputs
Result: ERROR
Error(s) in re-building vignettes:
...
--- re-building ‘use_case.Rmd’ using rmarkdown
--- finished re-building ‘use_case.Rmd’
--- re-building ‘weatherOz.Rmd’ using rmarkdown_notangle
--- finished re-building ‘weatherOz.Rmd’
--- re-building ‘weatherOz_for_BOM.Rmd’ using rmarkdown_notangle
--- finished re-building ‘weatherOz_for_BOM.Rmd’
--- re-building ‘weatherOz_for_DPIRD.Rmd’ using rmarkdown_notangle
File vignettes/view_sw_ag_region-1.png not found in resource path
Error: processing vignette 'weatherOz_for_DPIRD.Rmd' failed with diagnostics:
pandoc document conversion failed with error 99
--- failed re-building ‘weatherOz_for_DPIRD.Rmd’
--- re-building ‘weatherOz_for_SILO.Rmd’ using rmarkdown_notangle
--- finished re-building ‘weatherOz_for_SILO.Rmd’
SUMMARY: processing the following file failed:
‘weatherOz_for_DPIRD.Rmd’
Error: Vignette re-building failed.
Execution halted
Flavor: r-release-macos-arm64