Last updated on 2024-08-16 11:49:55 CEST.
Flavor | Version | Tinstall | Tcheck | Ttotal | Status | Flags |
---|---|---|---|---|---|---|
r-devel-linux-x86_64-debian-clang | 1.3.0 | 8.15 | 61.97 | 70.12 | NOTE | |
r-devel-linux-x86_64-debian-gcc | 1.3.0 | 4.79 | 45.01 | 49.80 | NOTE | |
r-devel-linux-x86_64-fedora-clang | 1.3.0 | 114.72 | NOTE | |||
r-devel-linux-x86_64-fedora-gcc | 1.3.0 | 126.23 | NOTE | |||
r-devel-windows-x86_64 | 1.3.0 | 10.00 | 85.00 | 95.00 | NOTE | |
r-patched-linux-x86_64 | 1.3.0 | 7.87 | 58.91 | 66.78 | NOTE | |
r-release-linux-x86_64 | 1.3.0 | 6.62 | 59.99 | 66.61 | NOTE | |
r-release-macos-arm64 | 1.3.0 | 38.00 | NOTE | |||
r-release-macos-x86_64 | 1.3.0 | 59.00 | NOTE | |||
r-release-windows-x86_64 | 1.3.0 | 9.00 | 84.00 | 93.00 | NOTE | |
r-oldrel-macos-arm64 | 1.3.0 | 122.00 | OK | |||
r-oldrel-macos-x86_64 | 1.3.0 | 69.00 | OK | |||
r-oldrel-windows-x86_64 | 1.3.0 | 12.00 | 96.00 | 108.00 | OK |
Version: 1.3.0
Check: Rd files
Result: NOTE
checkRd: (-1) get_cid.Rd:58-59: Lost braces
58 | <structure search> is assembled as "{\code{substructure} |
| ^
checkRd: (-1) get_cid.Rd:59-60: Lost braces
59 | \code{superstructure} | \code{similarity} | \code{identity}} / {\code{smiles}
| ^
checkRd: (-1) get_cid.Rd:70-71: Lost braces
70 | "{\code{fastidentity} | \code{fastsimilarity_2d} | \code{fastsimilarity_3d} |
| ^
checkRd: (-1) get_cid.Rd:71-72: Lost braces
71 | \code{fastsubstructure} | \code{fastsuperstructure}}/{\code{smiles} |
| ^
Flavors: r-devel-linux-x86_64-debian-clang, r-devel-linux-x86_64-debian-gcc, r-devel-linux-x86_64-fedora-clang, r-devel-linux-x86_64-fedora-gcc, r-devel-windows-x86_64, r-patched-linux-x86_64, r-release-linux-x86_64, r-release-macos-arm64, r-release-macos-x86_64, r-release-windows-x86_64