CRAN Package Check Results for Package webp

Last updated on 2021-01-16 11:48:04 CET.

Flavor Version Tinstall Tcheck Ttotal Status Flags
r-devel-linux-x86_64-debian-clang 1.0 2.46 19.08 21.54 OK
r-devel-linux-x86_64-debian-gcc 1.0 1.85 15.68 17.53 OK
r-devel-linux-x86_64-fedora-clang 1.0 37.70 NOTE
r-devel-linux-x86_64-fedora-gcc 1.0 27.22 NOTE
r-devel-windows-ix86+x86_64 1.0 9.00 36.00 45.00 OK
r-patched-linux-x86_64 1.0 2.38 18.75 21.13 OK
r-patched-solaris-x86 1.0 41.40 OK
r-release-linux-x86_64 1.0 2.21 18.80 21.01 OK
r-release-macos-x86_64 1.0 OK
r-release-windows-ix86+x86_64 1.0 10.00 33.00 43.00 OK
r-oldrel-macos-x86_64 1.0 OK
r-oldrel-windows-ix86+x86_64 1.0 16.00 48.00 64.00 OK

Check Details

Version: 1.0
Check: top-level files
Result: NOTE
    ‘configure’: /bin/bash is not portable
Flavors: r-devel-linux-x86_64-fedora-clang, r-devel-linux-x86_64-fedora-gcc