CRAN Package Check Results for Package weed

Last updated on 2024-02-21 23:11:46 CET.

Flavor Version Tinstall Tcheck Ttotal Status Flags
r-devel-linux-x86_64-debian-clang 1.1.2 OK
r-devel-linux-x86_64-debian-gcc 1.1.2 2.10 23.71 25.81 OK
r-devel-linux-x86_64-fedora-clang 1.1.2 42.57 NOTE
r-devel-linux-x86_64-fedora-gcc 1.1.2 39.53 NOTE
r-devel-windows-x86_64 1.1.2 4.00 49.00 53.00 OK
r-patched-linux-x86_64 1.1.2 1.94 30.68 32.62 OK
r-release-linux-x86_64 1.1.2 1.59 30.50 32.09 OK
r-release-macos-arm64 1.1.2 28.00 OK
r-release-macos-x86_64 1.1.2 39.00 OK
r-release-windows-x86_64 1.1.2 5.00 64.00 69.00 OK
r-oldrel-macos-arm64 1.1.2 30.00 OK
r-oldrel-windows-x86_64 1.1.2 4.00 55.00 59.00 OK

Check Details

Version: 1.1.2
Check: dependencies in R code
Result: NOTE Namespaces in Imports field not imported from: ‘here’ ‘tibble’ All declared Imports should be used. Flavors: r-devel-linux-x86_64-fedora-clang, r-devel-linux-x86_64-fedora-gcc