CRAN Package Check Results for Package weed

Last updated on 2025-01-17 05:49:29 CET.

Flavor Version Tinstall Tcheck Ttotal Status Flags
r-devel-linux-x86_64-debian-clang 1.1.2 1.77 25.15 26.92 OK
r-devel-linux-x86_64-debian-gcc 1.1.2 1.59 19.02 20.61 OK
r-devel-linux-x86_64-fedora-clang 1.1.2 43.99 NOTE
r-devel-linux-x86_64-fedora-gcc 1.1.2 41.25 NOTE
r-devel-windows-x86_64 1.1.2 5.00 49.00 54.00 OK
r-patched-linux-x86_64 1.1.2 1.89 23.22 25.11 OK
r-release-linux-x86_64 1.1.2 1.72 23.28 25.00 OK
r-release-macos-arm64 1.1.2 24.00 OK
r-release-macos-x86_64 1.1.2 31.00 OK
r-release-windows-x86_64 1.1.2 4.00 50.00 54.00 OK
r-oldrel-macos-arm64 1.1.2 28.00 OK
r-oldrel-macos-x86_64 1.1.2 39.00 OK
r-oldrel-windows-x86_64 1.1.2 3.00 52.00 55.00 OK

Check Details

Version: 1.1.2
Check: dependencies in R code
Result: NOTE Namespaces in Imports field not imported from: ‘here’ ‘tibble’ All declared Imports should be used. Flavors: r-devel-linux-x86_64-fedora-clang, r-devel-linux-x86_64-fedora-gcc