Last updated on 2023-03-29 06:54:00 CEST.
Flavor | Version | Tinstall | Tcheck | Ttotal | Status | Flags |
---|---|---|---|---|---|---|
r-devel-linux-x86_64-debian-clang | 1.1.1 | 2.71 | 31.77 | 34.48 | OK | |
r-devel-linux-x86_64-debian-gcc | 1.1.1 | 2.03 | 23.77 | 25.80 | OK | |
r-devel-linux-x86_64-fedora-clang | 1.1.1 | 42.71 | NOTE | |||
r-devel-linux-x86_64-fedora-gcc | 1.1.1 | 39.91 | NOTE | |||
r-patched-linux-x86_64 | 1.1.1 | 1.91 | 29.68 | 31.59 | OK | |
r-release-linux-x86_64 | 1.1.1 | 1.78 | 31.58 | 33.36 | OK | |
r-release-macos-arm64 | 1.1.1 | 23.00 | NOTE | |||
r-release-macos-x86_64 | 1.1.1 | 37.00 | NOTE | |||
r-release-windows-x86_64 | 1.1.1 | 16.00 | 64.00 | 80.00 | OK | |
r-oldrel-macos-arm64 | 1.1.1 | 35.00 | NOTE | |||
r-oldrel-macos-x86_64 | 1.1.1 | 37.00 | NOTE | |||
r-oldrel-windows-ix86+x86_64 | 1.1.1 | 8.00 | 61.00 | 69.00 | OK |
Version: 1.1.1
Check: dependencies in R code
Result: NOTE
Namespaces in Imports field not imported from:
‘here’ ‘rgeos’ ‘tibble’
All declared Imports should be used.
Flavors: r-devel-linux-x86_64-fedora-clang, r-devel-linux-x86_64-fedora-gcc, r-release-macos-arm64, r-release-macos-x86_64, r-oldrel-macos-arm64, r-oldrel-macos-x86_64