CRAN Package Check Results for Package weibulltools

Last updated on 2019-03-18 17:48:42 CET.

Flavor Version Tinstall Tcheck Ttotal Status Flags
r-devel-linux-x86_64-debian-clang 1.0.1 32.81 90.21 123.02 OK
r-devel-linux-x86_64-debian-gcc 1.0.1 28.36 65.38 93.74 OK
r-devel-linux-x86_64-fedora-clang 1.0.1 153.40 NOTE
r-devel-linux-x86_64-fedora-gcc 1.0.1 143.49 OK
r-devel-windows-ix86+x86_64 1.0.1 99.00 180.00 279.00 NOTE
r-patched-linux-x86_64 1.0.1 35.97 74.96 110.93 OK
r-patched-solaris-x86 1.0.1 162.10 NOTE
r-release-linux-x86_64 1.0.1 34.33 75.17 109.50 OK
r-release-windows-ix86+x86_64 1.0.1 96.00 125.00 221.00 NOTE
r-release-osx-x86_64 1.0.1 NOTE
r-oldrel-windows-ix86+x86_64 1.0.1 88.00 188.00 276.00 NOTE
r-oldrel-osx-x86_64 1.0.1 NOTE

Check Details

Version: 1.0.1
Check: installed package size
Result: NOTE
     installed size is 13.5Mb
     sub-directories of 1Mb or more:
     doc 11.9Mb
     libs 1.2Mb
Flavors: r-devel-linux-x86_64-fedora-clang, r-devel-windows-ix86+x86_64, r-patched-solaris-x86, r-release-windows-ix86+x86_64, r-release-osx-x86_64, r-oldrel-windows-ix86+x86_64, r-oldrel-osx-x86_64