CRAN Package Check Results for Package weibulltools

Last updated on 2019-05-25 17:48:30 CEST.

Flavor Version Tinstall Tcheck Ttotal Status Flags
r-devel-linux-x86_64-debian-clang 1.0.1 34.37 87.59 121.96 OK
r-devel-linux-x86_64-debian-gcc 1.0.1 26.02 64.20 90.22 OK
r-devel-linux-x86_64-fedora-clang 1.0.1 160.53 NOTE
r-devel-linux-x86_64-fedora-gcc 1.0.1 145.14 OK
r-devel-windows-ix86+x86_64 1.0.1 68.00 199.00 267.00 NOTE
r-patched-linux-x86_64 1.0.1 OK
r-patched-solaris-x86 1.0.1 175.00 NOTE
r-release-linux-x86_64 1.0.1 32.02 84.70 116.72 OK
r-release-windows-ix86+x86_64 1.0.1 99.00 144.00 243.00 NOTE
r-release-osx-x86_64 1.0.1 NOTE
r-oldrel-windows-ix86+x86_64 1.0.1 98.00 128.00 226.00 NOTE
r-oldrel-osx-x86_64 1.0.1 NOTE

Check Details

Version: 1.0.1
Check: installed package size
Result: NOTE
     installed size is 13.4Mb
     sub-directories of 1Mb or more:
     doc 11.9Mb
     libs 1.2Mb
Flavors: r-devel-linux-x86_64-fedora-clang, r-devel-windows-ix86+x86_64, r-patched-solaris-x86, r-release-windows-ix86+x86_64, r-release-osx-x86_64, r-oldrel-windows-ix86+x86_64, r-oldrel-osx-x86_64