CRAN Package Check Results for Package weights

Last updated on 2024-07-19 06:50:31 CEST.

Flavor Version Tinstall Tcheck Ttotal Status Flags
r-devel-linux-x86_64-debian-clang 1.0.4 22.13 135.27 157.40 OK
r-devel-linux-x86_64-debian-gcc 1.0.4 15.47 100.30 115.77 OK
r-devel-linux-x86_64-fedora-clang 1.0.4 195.68 OK
r-devel-linux-x86_64-fedora-gcc 1.0.4 178.58 OK
r-devel-windows-x86_64 1.0.4 19.00 110.00 129.00 NOTE
r-patched-linux-x86_64 1.0.4 27.45 127.75 155.20 OK
r-release-linux-x86_64 1.0.4 17.07 126.85 143.92 OK
r-release-macos-arm64 1.0.4 49.00 OK
r-release-macos-x86_64 1.0.4 75.00 OK
r-release-windows-x86_64 1.0.4 19.00 110.00 129.00 OK
r-oldrel-macos-arm64 1.0.4 60.00 OK
r-oldrel-macos-x86_64 1.0.4 91.00 OK
r-oldrel-windows-x86_64 1.0.4 24.00 135.00 159.00 OK

Check Details

Version: 1.0.4
Check: Rd cross-references
Result: NOTE Found the following Rd file(s) with Rd \link{} targets missing package anchors: plotwtdinteraction.Rd: mice, gam, bam wpct.Rd: wtd.table Please provide package anchors for all Rd \link{} targets not in the package itself and the base packages. Flavor: r-devel-windows-x86_64