CRAN Package Check Results for Package wellknown

Last updated on 2020-12-04 23:48:32 CET.

Flavor Version Tinstall Tcheck Ttotal Status Flags
r-devel-linux-x86_64-debian-clang 0.7.0 183.51 41.13 224.64 OK
r-devel-linux-x86_64-debian-gcc 0.7.0 129.11 35.06 164.17 OK
r-devel-linux-x86_64-fedora-clang 0.7.0 325.10 NOTE
r-devel-linux-x86_64-fedora-gcc 0.7.0 285.17 OK
r-devel-windows-ix86+x86_64 0.7.0 374.00 103.00 477.00 OK
r-patched-linux-x86_64 0.7.0 148.06 40.41 188.47 OK
r-patched-solaris-x86 0.7.0 247.80 OK
r-release-linux-x86_64 0.7.0 141.58 42.97 184.55 OK
r-release-macos-x86_64 0.7.0 NOTE
r-release-windows-ix86+x86_64 0.7.0 282.00 92.00 374.00 OK
r-oldrel-macos-x86_64 0.7.0 NOTE
r-oldrel-windows-ix86+x86_64 0.7.0 343.00 82.00 425.00 OK

Check Details

Version: 0.7.0
Check: installed package size
Result: NOTE
     installed size is 18.8Mb
     sub-directories of 1Mb or more:
     libs 18.5Mb
Flavors: r-devel-linux-x86_64-fedora-clang, r-release-macos-x86_64, r-oldrel-macos-x86_64