Last updated on 2025-02-01 11:49:42 CET.
Flavor | Version | Tinstall | Tcheck | Ttotal | Status | Flags |
---|---|---|---|---|---|---|
r-devel-linux-x86_64-debian-clang | 1.9.1 | 13.85 | 73.96 | 87.81 | OK | |
r-devel-linux-x86_64-debian-gcc | 1.9.1 | 9.85 | 54.40 | 64.25 | OK | |
r-devel-linux-x86_64-fedora-clang | 1.9.1 | 139.82 | OK | |||
r-devel-linux-x86_64-fedora-gcc | 1.9.1 | 135.81 | OK | |||
r-devel-windows-x86_64 | 1.9.1 | 17.00 | 93.00 | 110.00 | OK | |
r-patched-linux-x86_64 | 1.9.1 | 13.09 | 68.94 | 82.03 | NOTE | |
r-release-linux-x86_64 | 1.9.1 | 13.95 | 68.75 | 82.70 | NOTE | |
r-release-macos-arm64 | 1.9.1 | 40.00 | NOTE | |||
r-release-macos-x86_64 | 1.9.1 | 57.00 | NOTE | |||
r-release-windows-x86_64 | 1.9.1 | 17.00 | 83.00 | 100.00 | NOTE | |
r-oldrel-macos-arm64 | 1.9.1 | 43.00 | NOTE | |||
r-oldrel-macos-x86_64 | 1.9.1 | 67.00 | NOTE | |||
r-oldrel-windows-x86_64 | 1.9.1 | 21.00 | 102.00 | 123.00 | NOTE |
Version: 1.9.1
Check: LazyData
Result: NOTE
'LazyData' is specified without a 'data' directory
Flavors: r-patched-linux-x86_64, r-release-linux-x86_64, r-release-macos-arm64, r-release-macos-x86_64, r-release-windows-x86_64, r-oldrel-macos-arm64, r-oldrel-macos-x86_64, r-oldrel-windows-x86_64