Last updated on 2023-12-01 17:52:54 CET.
Flavor | Version | Tinstall | Tcheck | Ttotal | Status | Flags |
---|---|---|---|---|---|---|
r-devel-linux-x86_64-debian-clang | 1.5 | 13.55 | 129.95 | 143.50 | NOTE | |
r-devel-linux-x86_64-debian-gcc | 1.5 | 12.16 | 94.37 | 106.53 | NOTE | |
r-devel-linux-x86_64-fedora-clang | 1.5 | 182.08 | NOTE | |||
r-devel-linux-x86_64-fedora-gcc | 1.5 | 163.56 | NOTE | |||
r-devel-windows-x86_64 | 1.5 | 12.00 | 106.00 | 118.00 | NOTE | |
r-patched-linux-x86_64 | 1.5 | 9.59 | 122.48 | 132.07 | NOTE | |
r-release-linux-x86_64 | 1.5 | 9.12 | 120.69 | 129.81 | NOTE | |
r-release-macos-arm64 | 1.5 | 47.00 | NOTE | |||
r-release-macos-x86_64 | 1.5 | 80.00 | NOTE | |||
r-release-windows-x86_64 | 1.5 | 16.00 | 133.00 | 149.00 | NOTE | |
r-oldrel-macos-arm64 | 1.5 | 41.00 | OK | |||
r-oldrel-macos-x86_64 | 1.5 | 94.00 | OK | |||
r-oldrel-windows-x86_64 | 1.5 | 17.00 | 126.00 | 143.00 | OK |
Version: 1.5
Check: Rd \usage sections
Result: NOTE
S3 methods shown with full name in Rd file 'QIC.gee.Rd':
‘QIC.gee’
The \usage entries for S3 methods should use the \method markup and not
their full name.
See chapter ‘Writing R documentation files’ in the ‘Writing R
Extensions’ manual.
Flavors: r-devel-linux-x86_64-debian-clang, r-devel-linux-x86_64-debian-gcc, r-devel-linux-x86_64-fedora-clang, r-devel-linux-x86_64-fedora-gcc, r-devel-windows-x86_64
Version: 1.5
Check: Rd \usage sections
Result: NOTE
S3 methods shown with full name in documentation object 'QIC.gee':
‘QIC.gee’
The \usage entries for S3 methods should use the \method markup and not
their full name.
See chapter ‘Writing R documentation files’ in the ‘Writing R
Extensions’ manual.
Flavors: r-patched-linux-x86_64, r-release-linux-x86_64, r-release-macos-arm64, r-release-macos-x86_64, r-release-windows-x86_64