CRAN Package Check Results for Package wilson

Last updated on 2019-11-18 23:51:39 CET.

Flavor Version Tinstall Tcheck Ttotal Status Flags
r-devel-linux-x86_64-debian-clang 2.0.2 9.94 81.51 91.45 OK
r-devel-linux-x86_64-debian-gcc 2.0.2 8.86 65.22 74.08 OK
r-devel-linux-x86_64-fedora-clang 2.3.1 108.61 NOTE
r-devel-linux-x86_64-fedora-gcc 2.3.1 108.62 NOTE
r-devel-windows-ix86+x86_64 2.0.2 33.00 91.00 124.00 OK
r-patched-linux-x86_64 2.0.2 8.07 74.26 82.33 ERROR
r-patched-solaris-x86 2.3.1 149.20 NOTE
r-release-linux-x86_64 2.0.2 7.77 75.75 83.52 OK
r-release-windows-ix86+x86_64 2.0.2 17.00 146.00 163.00 OK
r-release-osx-x86_64 2.0.2 OK
r-oldrel-windows-ix86+x86_64 2.0.2 12.00 118.00 130.00 OK
r-oldrel-osx-x86_64 2.0.2 OK

Check Details

Version: 2.3.1
Check: dependencies in R code
Result: NOTE
    Namespace in Imports field not imported from: ‘magrittr’
     All declared Imports should be used.
Flavors: r-devel-linux-x86_64-fedora-clang, r-devel-linux-x86_64-fedora-gcc, r-patched-solaris-x86

Version: 2.0.2
Check: package dependencies
Result: NOTE
    Package suggested but not available for checking: ‘vdiffr’
Flavor: r-patched-linux-x86_64

Version: 2.0.2
Check: tests
Result: ERROR
     Running ‘testthat.R’ [15s/16s]
    Running the tests in ‘tests/testthat.R’ failed.
    Complete output:
     > library(testthat)
     > library(wilson)
    
     Attaching package: 'wilson'
    
     The following object is masked from 'package:stats':
    
     heatmap
    
     >
     > test_check("wilson")
     adding: plotdfb17b4c48e.pdf (deflated 9%)
     adding: plotdfb522df2e6.png (deflated 29%)
     adding: plot_objectdfb79c3738d.RData (stored 0%)
     adding: plotdfb59e08548.pdf (deflated 7%)
     adding: plotdfb7d3d9687.png (deflated 9%)
     adding: plot_objectdfb263aea7f.RData (deflated 1%)
     ── 1. Error: scatterplot can be created (@test-static-plots.R#7) ──────────────
     there is no package called 'vdiffr'
     Backtrace:
     1. vdiffr::expect_doppelganger
     2. base::getExportedValue(pkg, name)
     3. base::asNamespace(ns)
     4. base::getNamespace(ns)
     5. base::loadNamespace(name)
     6. base::withRestarts(stop(cond), retry_loadNamespace = function() NULL)
     7. base:::withOneRestart(expr, restarts[[1L]])
     8. base:::doWithOneRestart(return(expr), restart)
    
     ── 2. Error: pca can be created (@test-static-plots.R#15) ─────────────────────
     there is no package called 'vdiffr'
     Backtrace:
     1. vdiffr::expect_doppelganger
     2. base::getExportedValue(pkg, name)
     3. base::asNamespace(ns)
     4. base::getNamespace(ns)
     5. base::loadNamespace(name)
     6. base::withRestarts(stop(cond), retry_loadNamespace = function() NULL)
     7. base:::withOneRestart(expr, restarts[[1L]])
     8. base:::doWithOneRestart(return(expr), restart)
    
     ── 3. Error: heatmap can be created (@test-static-plots.R#22) ─────────────────
     there is no package called 'vdiffr'
     Backtrace:
     1. vdiffr::expect_doppelganger
     2. base::getExportedValue(pkg, name)
     3. base::asNamespace(ns)
     4. base::getNamespace(ns)
     5. base::loadNamespace(name)
     6. base::withRestarts(stop(cond), retry_loadNamespace = function() NULL)
     7. base:::withOneRestart(expr, restarts[[1L]])
     8. base:::doWithOneRestart(return(expr), restart)
    
     ── 4. Error: geneview can be created (@test-static-plots.R#30) ────────────────
     there is no package called 'vdiffr'
     Backtrace:
     1. vdiffr::expect_doppelganger
     2. base::getExportedValue(pkg, name)
     3. base::asNamespace(ns)
     4. base::getNamespace(ns)
     5. base::loadNamespace(name)
     6. base::withRestarts(stop(cond), retry_loadNamespace = function() NULL)
     7. base:::withOneRestart(expr, restarts[[1L]])
     8. base:::doWithOneRestart(return(expr), restart)
    
     ══ testthat results ═══════════════════════════════════════════════════════════
     [ OK: 57 | SKIPPED: 1 | WARNINGS: 4 | FAILED: 4 ]
     1. Error: scatterplot can be created (@test-static-plots.R#7)
     2. Error: pca can be created (@test-static-plots.R#15)
     3. Error: heatmap can be created (@test-static-plots.R#22)
     4. Error: geneview can be created (@test-static-plots.R#30)
    
     Error: testthat unit tests failed
     Execution halted
Flavor: r-patched-linux-x86_64