CRAN Package Check Results for Package windex

Last updated on 2020-10-22 11:49:42 CEST.

Flavor Version Tinstall Tcheck Ttotal Status Flags
r-devel-linux-x86_64-debian-clang 1.0 7.38 72.86 80.24 NOTE
r-devel-linux-x86_64-debian-gcc 2.0 7.22 59.57 66.79 OK
r-devel-linux-x86_64-fedora-clang 2.0 116.96 OK
r-devel-linux-x86_64-fedora-gcc 2.0 105.92 OK
r-devel-windows-ix86+x86_64 1.0 20.00 93.00 113.00 NOTE
r-patched-linux-x86_64 2.0 10.01 71.52 81.53 OK
r-patched-solaris-x86 1.0 147.40 NOTE
r-release-linux-x86_64 2.0 8.81 72.05 80.86 OK
r-release-macos-x86_64 2.0 OK
r-release-windows-ix86+x86_64 1.0 17.00 74.00 91.00 NOTE
r-oldrel-macos-x86_64 2.0 NOTE
r-oldrel-windows-ix86+x86_64 1.0 18.00 71.00 89.00 NOTE

Check Details

Version: 1.0
Check: R code for possible problems
Result: NOTE
    plotTrait: no visible global function definition for 'points'
    plotTrait: no visible global function definition for 'legend'
    test.windex: no visible global function definition for 'hist'
    test.windex: no visible global function definition for 'abline'
    test.windex: no visible global function definition for 'legend'
    windex: no visible global function definition for 'sd'
    windex: no visible global function definition for 'var'
    windex: no visible global function definition for 'dist'
    windex: no visible global function definition for 'quantile'
    Undefined global functions or variables:
     abline dist hist legend points quantile sd var
    Consider adding
     importFrom("graphics", "abline", "hist", "legend", "points")
     importFrom("stats", "dist", "quantile", "sd", "var")
    to your NAMESPACE file.
Flavors: r-devel-linux-x86_64-debian-clang, r-devel-windows-ix86+x86_64, r-patched-solaris-x86, r-release-windows-ix86+x86_64

Version: 2.0
Check: R code for possible problems
Result: NOTE
    plotTrait: no visible global function definition for ‘plot’
    Undefined global functions or variables:
     plot
    Consider adding
     importFrom("graphics", "plot")
    to your NAMESPACE file.
Flavor: r-oldrel-macos-x86_64

Version: 1.0
Check: R code for possible problems
Result: NOTE
    plotTrait: no visible global function definition for 'plot'
    plotTrait: no visible global function definition for 'points'
    plotTrait: no visible global function definition for 'legend'
    test.windex: no visible global function definition for 'hist'
    test.windex: no visible global function definition for 'abline'
    test.windex: no visible global function definition for 'legend'
    windex: no visible global function definition for 'sd'
    windex: no visible global function definition for 'var'
    windex: no visible global function definition for 'dist'
    windex: no visible global function definition for 'quantile'
    Undefined global functions or variables:
     abline dist hist legend plot points quantile sd var
    Consider adding
     importFrom("graphics", "abline", "hist", "legend", "plot", "points")
     importFrom("stats", "dist", "quantile", "sd", "var")
    to your NAMESPACE file.
Flavor: r-oldrel-windows-ix86+x86_64