Last updated on 2023-03-31 11:54:26 CEST.
Flavor | Version | Tinstall | Tcheck | Ttotal | Status | Flags |
---|---|---|---|---|---|---|
r-devel-linux-x86_64-debian-clang | 0.7.2 | 21.82 | 86.04 | 107.86 | OK | |
r-devel-linux-x86_64-debian-gcc | 0.7.2 | 16.20 | 66.08 | 82.28 | OK | |
r-devel-linux-x86_64-fedora-clang | 0.7.2 | 137.61 | NOTE | |||
r-devel-linux-x86_64-fedora-gcc | 0.7.2 | 126.34 | NOTE | |||
r-patched-linux-x86_64 | 0.7.2 | 22.35 | 83.77 | 106.12 | OK | |
r-release-linux-x86_64 | 0.7.2 | 20.10 | 81.95 | 102.05 | OK | |
r-release-macos-arm64 | 0.7.2 | 45.00 | OK | |||
r-release-macos-x86_64 | 0.7.2 | 75.00 | OK | |||
r-release-windows-x86_64 | 0.7.2 | 436.00 | 144.00 | 580.00 | OK | |
r-oldrel-macos-arm64 | 0.7.2 | 47.00 | OK | |||
r-oldrel-macos-x86_64 | 0.7.2 | 77.00 | OK | |||
r-oldrel-windows-ix86+x86_64 | 0.7.2 | 69.00 | 179.00 | 248.00 | OK |
Version: 0.7.2
Check: data for non-ASCII characters
Result: NOTE
Note: found 3984 marked UTF-8 strings
Flavors: r-devel-linux-x86_64-fedora-clang, r-devel-linux-x86_64-fedora-gcc