CRAN Package Check Results for Package wkNNMI

Last updated on 2022-09-27 11:51:31 CEST.

Flavor Version Tinstall Tcheck Ttotal Status Flags
r-devel-linux-x86_64-debian-clang 1.0.0 2.23 29.42 31.65 NOTE
r-devel-linux-x86_64-debian-gcc 1.0.0 2.26 22.97 25.23 NOTE
r-devel-linux-x86_64-fedora-clang 1.0.0 51.93 NOTE
r-devel-linux-x86_64-fedora-gcc 1.0.0 49.34 NOTE
r-devel-windows-x86_64 1.0.0 10.00 63.00 73.00 NOTE
r-patched-linux-x86_64 1.0.0 3.59 28.55 32.14 OK
r-release-linux-x86_64 1.0.0 3.32 28.73 32.05 OK
r-release-macos-arm64 1.0.0 18.00 OK
r-release-macos-x86_64 1.0.0 23.00 OK
r-release-windows-x86_64 1.0.0 12.00 55.00 67.00 OK
r-oldrel-macos-arm64 1.0.0 20.00 OK
r-oldrel-macos-x86_64 1.0.0 28.00 OK
r-oldrel-windows-ix86+x86_64 1.0.0 6.00 53.00 59.00 OK

Check Details

Version: 1.0.0
Check: package subdirectories
Result: NOTE
    Problems with news in 'NEWS.md':
    No news entries found.
Flavors: r-devel-linux-x86_64-debian-clang, r-devel-linux-x86_64-debian-gcc, r-devel-linux-x86_64-fedora-clang, r-devel-linux-x86_64-fedora-gcc, r-devel-windows-x86_64