Last updated on 2023-04-01 11:51:45 CEST.
Flavor | Version | Tinstall | Tcheck | Ttotal | Status | Flags |
---|---|---|---|---|---|---|
r-devel-linux-x86_64-debian-clang | 0.1.3 | 93.44 | 37.78 | 131.22 | NOTE | |
r-devel-linux-x86_64-debian-gcc | 0.1.3 | 80.95 | 28.67 | 109.62 | NOTE | |
r-devel-linux-x86_64-fedora-clang | 0.1.3 | 200.30 | NOTE | |||
r-devel-linux-x86_64-fedora-gcc | 0.1.3 | 179.61 | NOTE | |||
r-patched-linux-x86_64 | 0.1.3 | 83.11 | 35.29 | 118.40 | NOTE | |
r-release-linux-x86_64 | 0.1.3 | 79.45 | 38.54 | 117.99 | OK | |
r-release-macos-arm64 | 0.1.3 | 50.00 | OK | |||
r-release-macos-x86_64 | 0.1.3 | 63.00 | OK | |||
r-release-windows-x86_64 | 0.1.3 | 187.00 | 99.00 | 286.00 | OK | |
r-oldrel-macos-arm64 | 0.1.3 | 54.00 | OK | |||
r-oldrel-macos-x86_64 | 0.1.3 | 63.00 | OK | |||
r-oldrel-windows-ix86+x86_64 | 0.1.3 | 229.00 | 96.00 | 325.00 | OK |
Version: 0.1.3
Check: C++ specification
Result: NOTE
Specified C++11: please drop specification unless essential
Flavors: r-devel-linux-x86_64-debian-clang, r-devel-linux-x86_64-debian-gcc, r-devel-linux-x86_64-fedora-clang, r-devel-linux-x86_64-fedora-gcc, r-patched-linux-x86_64