Last updated on 2024-04-19 11:57:05 CEST.
Flavor | Version | Tinstall | Tcheck | Ttotal | Status | Flags |
---|---|---|---|---|---|---|
r-devel-linux-x86_64-debian-clang | 0.1.3 | 90.36 | 38.94 | 129.30 | NOTE | |
r-devel-linux-x86_64-debian-gcc | 0.1.3 | NOTE | ||||
r-devel-linux-x86_64-fedora-clang | 0.1.3 | 203.21 | NOTE | |||
r-devel-linux-x86_64-fedora-gcc | 0.1.3 | 205.67 | NOTE | |||
r-prerel-macos-arm64 | 0.1.3 | 42.00 | NOTE | |||
r-prerel-windows-x86_64 | 0.1.3 | 80.00 | 76.00 | 156.00 | NOTE | |
r-patched-linux-x86_64 | 0.1.3 | 108.17 | 36.36 | 144.53 | NOTE | |
r-release-linux-x86_64 | 0.1.3 | 98.54 | 37.74 | 136.28 | NOTE | |
r-release-macos-arm64 | 0.1.3 | 54.00 | NOTE | |||
r-release-macos-x86_64 | 0.1.3 | 84.00 | NOTE | |||
r-release-windows-x86_64 | 0.1.3 | 101.00 | 88.00 | 189.00 | NOTE | |
r-oldrel-macos-arm64 | 0.1.3 | 50.00 | OK | |||
r-oldrel-windows-x86_64 | 0.1.3 | 96.00 | 78.00 | 174.00 | OK |
Version: 0.1.3
Check: C++ specification
Result: NOTE
Specified C++11: please drop specification unless essential
Flavors: r-devel-linux-x86_64-debian-clang, r-devel-linux-x86_64-debian-gcc, r-devel-linux-x86_64-fedora-clang, r-devel-linux-x86_64-fedora-gcc, r-prerel-macos-arm64, r-prerel-windows-x86_64, r-patched-linux-x86_64, r-release-linux-x86_64, r-release-macos-arm64, r-release-macos-x86_64, r-release-windows-x86_64