Last updated on 2024-03-28 17:49:46 CET.
Flavor | Version | Tinstall | Tcheck | Ttotal | Status | Flags |
---|---|---|---|---|---|---|
r-devel-linux-x86_64-debian-clang | 0.4.0 | 152.75 | 49.29 | 202.04 | NOTE | |
r-devel-linux-x86_64-debian-gcc | 0.4.0 | 111.87 | 38.14 | 150.01 | NOTE | |
r-devel-linux-x86_64-fedora-clang | 0.4.0 | 308.92 | NOTE | |||
r-devel-linux-x86_64-fedora-gcc | 0.4.0 | 285.21 | NOTE | |||
r-devel-windows-x86_64 | 0.4.0 | 113.00 | 78.00 | 191.00 | NOTE | |
r-patched-linux-x86_64 | 0.4.0 | 141.85 | 47.86 | 189.71 | NOTE | |
r-release-linux-x86_64 | 0.4.0 | 137.74 | 47.36 | 185.10 | OK | |
r-release-macos-arm64 | 0.4.0 | 65.00 | NOTE | |||
r-release-macos-x86_64 | 0.4.0 | 95.00 | NOTE | |||
r-release-windows-x86_64 | 0.4.0 | 100.00 | 93.00 | 193.00 | OK | |
r-oldrel-macos-arm64 | 0.4.0 | 59.00 | NOTE | |||
r-oldrel-windows-x86_64 | 0.4.0 | 131.00 | 88.00 | 219.00 | OK |
Version: 0.4.0
Check: Rd files
Result: NOTE
checkRd: (-1) word2vec_similarity.Rd:30: Lost braces in \itemize; meant \describe ?
checkRd: (-1) word2vec_similarity.Rd:31: Lost braces in \itemize; meant \describe ?
Flavors: r-devel-linux-x86_64-debian-clang, r-devel-linux-x86_64-debian-gcc, r-devel-linux-x86_64-fedora-clang, r-devel-linux-x86_64-fedora-gcc, r-devel-windows-x86_64, r-patched-linux-x86_64
Version: 0.4.0
Check: installed package size
Result: NOTE
installed size is 5.2Mb
sub-directories of 1Mb or more:
libs 4.9Mb
Flavors: r-release-macos-arm64, r-release-macos-x86_64, r-oldrel-macos-arm64