CRAN Package Check Results for Package wordcloud

Last updated on 2023-06-11 01:01:30 CEST.

Flavor Version Tinstall Tcheck Ttotal Status Flags
r-devel-linux-x86_64-debian-clang 2.6 20.03 34.31 54.34 OK
r-devel-linux-x86_64-debian-gcc 2.6 15.12 27.21 42.33 OK
r-devel-linux-x86_64-fedora-clang 2.6 77.06 NOTE
r-devel-linux-x86_64-fedora-gcc 2.6 72.57 NOTE
r-devel-windows-x86_64 2.6 21.00 69.00 90.00 OK
r-patched-linux-x86_64 2.6 18.05 33.93 51.98 OK
r-release-linux-x86_64 2.6 16.37 33.69 50.06 OK
r-release-macos-arm64 2.6 26.00 OK
r-release-macos-x86_64 2.6 39.00 OK
r-release-windows-x86_64 2.6 22.00 74.00 96.00 OK
r-oldrel-macos-arm64 2.6 26.00 OK
r-oldrel-macos-x86_64 2.6 36.00 NOTE
r-oldrel-windows-x86_64 2.6 23.00 73.00 96.00 OK

Check Details

Version: 2.6
Check: data for non-ASCII characters
Result: NOTE
     Note: found 2 marked UTF-8 strings
Flavors: r-devel-linux-x86_64-fedora-clang, r-devel-linux-x86_64-fedora-gcc, r-oldrel-macos-x86_64