CRAN Package Check Results for Package workflowsets

Last updated on 2021-12-02 23:51:27 CET.

Flavor Version Tinstall Tcheck Ttotal Status Flags
r-devel-linux-x86_64-debian-clang 0.1.0 18.93 426.43 445.36 OK
r-devel-linux-x86_64-debian-gcc 0.1.0 16.52 186.06 202.58 ERROR
r-devel-linux-x86_64-fedora-clang 0.1.0 538.24 OK
r-devel-linux-x86_64-fedora-gcc 0.1.0 224.66 ERROR
r-devel-windows-x86_64-new-UL 0.1.0 37.00 478.00 515.00 OK
r-devel-windows-x86_64-new-TK 0.1.0 OK
r-devel-windows-x86_64-old 0.1.0 32.00 376.00 408.00 OK
r-patched-linux-x86_64 0.1.0 19.23 393.69 412.92 OK
r-patched-solaris-x86 0.1.0 375.10 OK
r-release-linux-x86_64 0.1.0 20.12 383.79 403.91 OK
r-release-macos-arm64 0.1.0 OK
r-release-macos-x86_64 0.1.0 OK
r-release-windows-ix86+x86_64 0.1.0 43.00 464.00 507.00 OK
r-oldrel-macos-x86_64 0.1.0 OK
r-oldrel-windows-ix86+x86_64 0.1.0 46.00 495.00 541.00 OK

Check Details

Version: 0.1.0
Check: tests
Result: ERROR
     Running ‘spelling.R’ [0s/1s]
     Running ‘testthat.R’ [36s/55s]
    Running the tests in ‘tests/testthat.R’ failed.
    Complete output:
     > library(testthat)
     > library(workflowsets)
     >
     > test_check("workflowsets")
    
     Attaching package: 'dplyr'
    
     The following object is masked from 'package:testthat':
    
     matches
    
     The following objects are masked from 'package:stats':
    
     filter, lag
    
     The following objects are masked from 'package:base':
    
     intersect, setdiff, setequal, union
    
    
     Attaching package: 'rsample'
    
     The following object is masked from 'package:testthat':
    
     matches
    
    
     Attaching package: 'recipes'
    
     The following object is masked from 'package:stats':
    
     step
    
     x Fold1: preprocessor 1/1, model 1/1: Error: `x` cannot be a vector.
     x Fold2: preprocessor 1/1, model 1/1: Error: `x` cannot be a vector.
     x Fold3: preprocessor 1/1, model 1/1: Error: `x` cannot be a vector.
     x Fold1: preprocessor 1/1, model 1/1: Error: `x` cannot be a vector.
     x Fold2: preprocessor 1/1, model 1/1: Error: `x` cannot be a vector.
     x Fold3: preprocessor 1/1, model 1/1: Error: `x` cannot be a vector.
     x Fold1: preprocessor 1/1, model 1/1: Error: `x` cannot be a vector.
     x Fold2: preprocessor 1/1, model 1/1: Error: `x` cannot be a vector.
     x Fold3: preprocessor 1/1, model 1/1: Error: `x` cannot be a vector.
     x Fold1: preprocessor 1/1, model 1/1: Error: `x` cannot be a vector.
     x Fold2: preprocessor 1/1, model 1/1: Error: `x` cannot be a vector.
     x Fold3: preprocessor 1/1, model 1/1: Error: `x` cannot be a vector.
     x Fold1: preprocessor 1/1, model 1/1: Error: `x` cannot be a vector.
     x Fold2: preprocessor 1/1, model 1/1: Error: `x` cannot be a vector.
     x Fold3: preprocessor 1/1, model 1/1: Error: `x` cannot be a vector.
     x Fold1: preprocessor 1/1, model 1/1: Error: `x` cannot be a vector.
     x Fold2: preprocessor 1/1, model 1/1: Error: `x` cannot be a vector.
     x Fold3: preprocessor 1/1, model 1/1: Error: `x` cannot be a vector.
     x Fold1: preprocessor 1/1, model 1/1: Error: `x` cannot be a vector.
     x Fold2: preprocessor 1/1, model 1/1: Error: `x` cannot be a vector.
     x Fold3: preprocessor 1/1, model 1/1: Error: `x` cannot be a vector.
     x Fold1: preprocessor 1/1, model 1/1: Error: `x` cannot be a vector.
     x Fold2: preprocessor 1/1, model 1/1: Error: `x` cannot be a vector.
     x Fold3: preprocessor 1/1, model 1/1: Error: `x` cannot be a vector.
     x Fold1: preprocessor 1/1, model 1/1: Error: `x` cannot be a vector.
     x Fold2: preprocessor 1/1, model 1/1: Error: `x` cannot be a vector.
     x Fold3: preprocessor 1/1, model 1/1: Error: `x` cannot be a vector.
     x Fold1: preprocessor 1/1, model 1/1: Error: `x` cannot be a vector.
     x Fold2: preprocessor 1/1, model 1/1: Error: `x` cannot be a vector.
     x Fold3: preprocessor 1/1, model 1/1: Error: `x` cannot be a vector.
     x Fold1: preprocessor 1/1, model 1/1: Error: `x` cannot be a vector.
     x Fold2: preprocessor 1/1, model 1/1: Error: `x` cannot be a vector.
     x Fold3: preprocessor 1/1, model 1/1: Error: `x` cannot be a vector.
     x Fold1: preprocessor 1/1, model 1/1: Error: `x` cannot be a vector.
     x Fold2: preprocessor 1/1, model 1/1: Error: `x` cannot be a vector.
     x Fold3: preprocessor 1/1, model 1/1: Error: `x` cannot be a vector.
     x Bootstrap1: preprocessor 1/1, model 1/1: Error: `x` cannot be a vector.
     x Bootstrap2: preprocessor 1/1, model 1/1: Error: `x` cannot be a vector.
     x Bootstrap3: preprocessor 1/1, model 1/1: Error: `x` cannot be a vector.
     x Bootstrap1: preprocessor 1/1, model 1/1: Error: `x` cannot be a vector.
     x Bootstrap2: preprocessor 1/1, model 1/1: Error: `x` cannot be a vector.
     x Bootstrap3: preprocessor 1/1, model 1/1: Error: `x` cannot be a vector.
     x Bootstrap1: preprocessor 1/1, model 1/1: Error: `x` cannot be a vector.
     x Bootstrap2: preprocessor 1/1, model 1/1: Error: `x` cannot be a vector.
     x Bootstrap3: preprocessor 1/1, model 1/1: Error: `x` cannot be a vector.
     x Bootstrap1: preprocessor 1/1, model 1/1: Error: `x` cannot be a vector.
     x Bootstrap2: preprocessor 1/1, model 1/1: Error: `x` cannot be a vector.
     x Bootstrap3: preprocessor 1/1, model 1/1: Error: `x` cannot be a vector.
     x Bootstrap1: preprocessor 1/1, model 1/1: Error: `x` cannot be a vector.
     x Bootstrap2: preprocessor 1/1, model 1/1: Error: `x` cannot be a vector.
     x Bootstrap3: preprocessor 1/1, model 1/1: Error: `x` cannot be a vector.
     x Bootstrap1: preprocessor 1/1, model 1/1: Error: `x` cannot be a vector.
     x Bootstrap2: preprocessor 1/1, model 1/1: Error: `x` cannot be a vector.
     x Bootstrap3: preprocessor 1/1, model 1/1: Error: `x` cannot be a vector.
     x Fold1: preprocessor 1/1, model 1/1: Error: `x` cannot be a vector.
     x Fold2: preprocessor 1/1, model 1/1: Error: `x` cannot be a vector.
     x Fold3: preprocessor 1/1, model 1/1: Error: `x` cannot be a vector.
     x Fold4: preprocessor 1/1, model 1/1: Error: `x` cannot be a vector.
     x Fold5: preprocessor 1/1, model 1/1: Error: `x` cannot be a vector.
     x Fold1: preprocessor 1/1, model 1/1: Error: `x` cannot be a vector.
     x Fold2: preprocessor 1/1, model 1/1: Error: `x` cannot be a vector.
     x Fold3: preprocessor 1/1, model 1/1: Error: `x` cannot be a vector.
     x Fold4: preprocessor 1/1, model 1/1: Error: `x` cannot be a vector.
     x Fold5: preprocessor 1/1, model 1/1: Error: `x` cannot be a vector.
     x Fold1: preprocessor 1/1, model 1/1: Error: `x` cannot be a vector.
     x Fold2: preprocessor 1/1, model 1/1: Error: `x` cannot be a vector.
     x Fold3: preprocessor 1/1, model 1/1: Error: `x` cannot be a vector.
     x Fold4: preprocessor 1/1, model 1/1: Error: `x` cannot be a vector.
     x Fold5: preprocessor 1/1, model 1/1: Error: `x` cannot be a vector.
     x Fold1: preprocessor 1/1, model 1/1: Error: `x` cannot be a vector.
     x Fold2: preprocessor 1/1, model 1/1: Error: `x` cannot be a vector.
     x Fold3: preprocessor 1/1, model 1/1: Error: `x` cannot be a vector.
     x Fold1: preprocessor 1/1, model 1/1: Error: `x` cannot be a vector.
     x Fold2: preprocessor 1/1, model 1/1: Error: `x` cannot be a vector.
     x Fold3: preprocessor 1/1, model 1/1: Error: `x` cannot be a vector.
     ══ Skipped tests ═══════════════════════════════════════════════════════════════
     • On CRAN (5)
     • rlang::is_installed("rlang") is TRUE (1)
    
     ══ Failed tests ════════════════════════════════════════════════════════════════
     ── Error (test-workflow-map.R:44:4): basic mapping ─────────────────────────────
     <dplyr:::mutate_error/dplyr_error/rlang_error/error/condition>
     Error: Problem with `mutate()` column `metrics`.
     i `metrics = purrr::map(result, collect_metrics, summarize = summarize)`.
     x All of the models failed. See the .notes column.
     Backtrace:
     █
     1. ├─testthat::expect_equal(collect_metrics(res_1), collect_metrics(res_2)) test-workflow-map.R:44:3
     2. │ └─testthat::quasi_label(enquo(object), label, arg = "object")
     3. │ └─rlang::eval_bare(expr, quo_get_env(quo))
     4. ├─tune::collect_metrics(res_1)
     5. ├─workflowsets:::collect_metrics.workflow_set(res_1)
     6. │ ├─dplyr::mutate(...)
     7. │ └─dplyr:::mutate.data.frame(...)
     8. │ └─dplyr:::mutate_cols(.data, ..., caller_env = caller_env())
     9. │ ├─base::withCallingHandlers(...)
     10. │ └─mask$eval_all_mutate(quo)
     11. └─purrr::map(result, collect_metrics, summarize = summarize)
     12. ├─tune:::.f(.x[[i]], ...)
     13. └─tune:::collect_metrics.tune_results(.x[[i]], ...)
     14. └─tune::estimate_tune_results(x)
    
     [ FAIL 1 | WARN 30 | SKIP 6 | PASS 326 ]
     Error: Test failures
     Execution halted
Flavor: r-devel-linux-x86_64-debian-gcc

Version: 0.1.0
Check: re-building of vignette outputs
Result: WARN
    Error(s) in re-building vignettes:
     ...
    --- re-building ‘evaluating-different-predictor-sets.Rmd’ using rmarkdown
    Quitting from lines 89-127 (evaluating-different-predictor-sets.Rmd)
    Error: processing vignette ‘evaluating-different-predictor-sets.Rmd’ failed with diagnostics:
    Can't subset columns that don't exist.
    ✖ Column `.config` doesn't exist.
    --- failed re-building ‘evaluating-different-predictor-sets.Rmd’
    
    SUMMARY: processing the following file failed:
     ‘evaluating-different-predictor-sets.Rmd’
    
    Error: Vignette re-building failed.
    Execution halted
Flavor: r-devel-linux-x86_64-debian-gcc

Version: 0.1.0
Check: tests
Result: ERROR
     Running ‘spelling.R’
     Running ‘testthat.R’ [31s/31s]
    Running the tests in ‘tests/testthat.R’ failed.
    Complete output:
     > library(testthat)
     > library(workflowsets)
     >
     > test_check("workflowsets")
    
     Attaching package: 'dplyr'
    
     The following object is masked from 'package:testthat':
    
     matches
    
     The following objects are masked from 'package:stats':
    
     filter, lag
    
     The following objects are masked from 'package:base':
    
     intersect, setdiff, setequal, union
    
    
     Attaching package: 'rsample'
    
     The following object is masked from 'package:testthat':
    
     matches
    
    
     Attaching package: 'recipes'
    
     The following object is masked from 'package:stats':
    
     step
    
     x Fold1: preprocessor 1/1, model 1/1: Error: `x` cannot be a vector.
     x Fold2: preprocessor 1/1, model 1/1: Error: `x` cannot be a vector.
     x Fold3: preprocessor 1/1, model 1/1: Error: `x` cannot be a vector.
     x Fold1: preprocessor 1/1, model 1/1: Error: `x` cannot be a vector.
     x Fold2: preprocessor 1/1, model 1/1: Error: `x` cannot be a vector.
     x Fold3: preprocessor 1/1, model 1/1: Error: `x` cannot be a vector.
     x Fold1: preprocessor 1/1, model 1/1: Error: `x` cannot be a vector.
     x Fold2: preprocessor 1/1, model 1/1: Error: `x` cannot be a vector.
     x Fold3: preprocessor 1/1, model 1/1: Error: `x` cannot be a vector.
     x Fold1: preprocessor 1/1, model 1/1: Error: `x` cannot be a vector.
     x Fold2: preprocessor 1/1, model 1/1: Error: `x` cannot be a vector.
     x Fold3: preprocessor 1/1, model 1/1: Error: `x` cannot be a vector.
     x Fold1: preprocessor 1/1, model 1/1: Error: `x` cannot be a vector.
     x Fold2: preprocessor 1/1, model 1/1: Error: `x` cannot be a vector.
     x Fold3: preprocessor 1/1, model 1/1: Error: `x` cannot be a vector.
     x Fold1: preprocessor 1/1, model 1/1: Error: `x` cannot be a vector.
     x Fold2: preprocessor 1/1, model 1/1: Error: `x` cannot be a vector.
     x Fold3: preprocessor 1/1, model 1/1: Error: `x` cannot be a vector.
     x Fold1: preprocessor 1/1, model 1/1: Error: `x` cannot be a vector.
     x Fold2: preprocessor 1/1, model 1/1: Error: `x` cannot be a vector.
     x Fold3: preprocessor 1/1, model 1/1: Error: `x` cannot be a vector.
     x Fold1: preprocessor 1/1, model 1/1: Error: `x` cannot be a vector.
     x Fold2: preprocessor 1/1, model 1/1: Error: `x` cannot be a vector.
     x Fold3: preprocessor 1/1, model 1/1: Error: `x` cannot be a vector.
     x Fold1: preprocessor 1/1, model 1/1: Error: `x` cannot be a vector.
     x Fold2: preprocessor 1/1, model 1/1: Error: `x` cannot be a vector.
     x Fold3: preprocessor 1/1, model 1/1: Error: `x` cannot be a vector.
     x Fold1: preprocessor 1/1, model 1/1: Error: `x` cannot be a vector.
     x Fold2: preprocessor 1/1, model 1/1: Error: `x` cannot be a vector.
     x Fold3: preprocessor 1/1, model 1/1: Error: `x` cannot be a vector.
     x Fold1: preprocessor 1/1, model 1/1: Error: `x` cannot be a vector.
     x Fold2: preprocessor 1/1, model 1/1: Error: `x` cannot be a vector.
     x Fold3: preprocessor 1/1, model 1/1: Error: `x` cannot be a vector.
     x Fold1: preprocessor 1/1, model 1/1: Error: `x` cannot be a vector.
     x Fold2: preprocessor 1/1, model 1/1: Error: `x` cannot be a vector.
     x Fold3: preprocessor 1/1, model 1/1: Error: `x` cannot be a vector.
     x Bootstrap1: preprocessor 1/1, model 1/1: Error: `x` cannot be a vector.
     x Bootstrap2: preprocessor 1/1, model 1/1: Error: `x` cannot be a vector.
     x Bootstrap3: preprocessor 1/1, model 1/1: Error: `x` cannot be a vector.
     x Bootstrap1: preprocessor 1/1, model 1/1: Error: `x` cannot be a vector.
     x Bootstrap2: preprocessor 1/1, model 1/1: Error: `x` cannot be a vector.
     x Bootstrap3: preprocessor 1/1, model 1/1: Error: `x` cannot be a vector.
     x Bootstrap1: preprocessor 1/1, model 1/1: Error: `x` cannot be a vector.
     x Bootstrap2: preprocessor 1/1, model 1/1: Error: `x` cannot be a vector.
     x Bootstrap3: preprocessor 1/1, model 1/1: Error: `x` cannot be a vector.
     x Bootstrap1: preprocessor 1/1, model 1/1: Error: `x` cannot be a vector.
     x Bootstrap2: preprocessor 1/1, model 1/1: Error: `x` cannot be a vector.
     x Bootstrap3: preprocessor 1/1, model 1/1: Error: `x` cannot be a vector.
     x Bootstrap1: preprocessor 1/1, model 1/1: Error: `x` cannot be a vector.
     x Bootstrap2: preprocessor 1/1, model 1/1: Error: `x` cannot be a vector.
     x Bootstrap3: preprocessor 1/1, model 1/1: Error: `x` cannot be a vector.
     x Bootstrap1: preprocessor 1/1, model 1/1: Error: `x` cannot be a vector.
     x Bootstrap2: preprocessor 1/1, model 1/1: Error: `x` cannot be a vector.
     x Bootstrap3: preprocessor 1/1, model 1/1: Error: `x` cannot be a vector.
     x Fold1: preprocessor 1/1, model 1/1: Error: `x` cannot be a vector.
     x Fold2: preprocessor 1/1, model 1/1: Error: `x` cannot be a vector.
     x Fold3: preprocessor 1/1, model 1/1: Error: `x` cannot be a vector.
     x Fold4: preprocessor 1/1, model 1/1: Error: `x` cannot be a vector.
     x Fold5: preprocessor 1/1, model 1/1: Error: `x` cannot be a vector.
     x Fold1: preprocessor 1/1, model 1/1: Error: `x` cannot be a vector.
     x Fold2: preprocessor 1/1, model 1/1: Error: `x` cannot be a vector.
     x Fold3: preprocessor 1/1, model 1/1: Error: `x` cannot be a vector.
     x Fold4: preprocessor 1/1, model 1/1: Error: `x` cannot be a vector.
     x Fold5: preprocessor 1/1, model 1/1: Error: `x` cannot be a vector.
     x Fold1: preprocessor 1/1, model 1/1: Error: `x` cannot be a vector.
     x Fold2: preprocessor 1/1, model 1/1: Error: `x` cannot be a vector.
     x Fold3: preprocessor 1/1, model 1/1: Error: `x` cannot be a vector.
     x Fold4: preprocessor 1/1, model 1/1: Error: `x` cannot be a vector.
     x Fold5: preprocessor 1/1, model 1/1: Error: `x` cannot be a vector.
     x Fold1: preprocessor 1/1, model 1/1: Error: `x` cannot be a vector.
     x Fold2: preprocessor 1/1, model 1/1: Error: `x` cannot be a vector.
     x Fold3: preprocessor 1/1, model 1/1: Error: `x` cannot be a vector.
     x Fold1: preprocessor 1/1, model 1/1: Error: `x` cannot be a vector.
     x Fold2: preprocessor 1/1, model 1/1: Error: `x` cannot be a vector.
     x Fold3: preprocessor 1/1, model 1/1: Error: `x` cannot be a vector.
     ══ Skipped tests ═══════════════════════════════════════════════════════════════
     • On CRAN (5)
     • rlang::is_installed("rlang") is TRUE (1)
    
     ══ Failed tests ════════════════════════════════════════════════════════════════
     ── Error (test-workflow-map.R:44:4): basic mapping ─────────────────────────────
     <dplyr:::mutate_error/dplyr_error/rlang_error/error/condition>
     Error: Problem with `mutate()` column `metrics`.
     i `metrics = purrr::map(result, collect_metrics, summarize = summarize)`.
     x All of the models failed. See the .notes column.
     Backtrace:
     █
     1. ├─testthat::expect_equal(collect_metrics(res_1), collect_metrics(res_2)) test-workflow-map.R:44:3
     2. │ └─testthat::quasi_label(enquo(object), label, arg = "object")
     3. │ └─rlang::eval_bare(expr, quo_get_env(quo))
     4. ├─tune::collect_metrics(res_1)
     5. ├─workflowsets:::collect_metrics.workflow_set(res_1)
     6. │ ├─dplyr::mutate(...)
     7. │ └─dplyr:::mutate.data.frame(...)
     8. │ └─dplyr:::mutate_cols(.data, ..., caller_env = caller_env())
     9. │ ├─base::withCallingHandlers(...)
     10. │ └─mask$eval_all_mutate(quo)
     11. └─purrr::map(result, collect_metrics, summarize = summarize)
     12. ├─tune:::.f(.x[[i]], ...)
     13. └─tune:::collect_metrics.tune_results(.x[[i]], ...)
     14. └─tune::estimate_tune_results(x)
    
     [ FAIL 1 | WARN 30 | SKIP 6 | PASS 326 ]
     Error: Test failures
     Execution halted
Flavor: r-devel-linux-x86_64-fedora-gcc

Version: 0.1.0
Check: re-building of vignette outputs
Result: WARN
    Error(s) in re-building vignettes:
    --- re-building ‘evaluating-different-predictor-sets.Rmd’ using rmarkdown
    Quitting from lines 89-127 (evaluating-different-predictor-sets.Rmd)
    Error: processing vignette 'evaluating-different-predictor-sets.Rmd' failed with diagnostics:
    Can't subset columns that don't exist.
    ✖ Column `.config` doesn't exist.
    --- failed re-building ‘evaluating-different-predictor-sets.Rmd’
    
    SUMMARY: processing the following file failed:
     ‘evaluating-different-predictor-sets.Rmd’
    
    Error: Vignette re-building failed.
    Execution halted
Flavor: r-devel-linux-x86_64-fedora-gcc