Last updated on 2023-06-06 17:58:56 CEST.
Flavor | Version | Tinstall | Tcheck | Ttotal | Status | Flags |
---|---|---|---|---|---|---|
r-devel-linux-x86_64-debian-clang | 0.9.7 | 6.19 | 63.99 | 70.18 | OK | |
r-devel-linux-x86_64-debian-gcc | 0.9.7 | 4.85 | 48.32 | 53.17 | OK | |
r-devel-linux-x86_64-fedora-clang | 0.9.8 | 92.43 | NOTE | |||
r-devel-linux-x86_64-fedora-gcc | 0.9.8 | 102.75 | OK | |||
r-devel-windows-x86_64 | 0.9.7 | 7.00 | 100.00 | 107.00 | OK | |
r-patched-linux-x86_64 | 0.9.7 | 5.55 | 50.12 | 55.67 | ERROR | |
r-release-linux-x86_64 | 0.9.7 | 4.08 | 50.54 | 54.62 | ERROR | |
r-release-macos-arm64 | 0.9.8 | 59.00 | OK | |||
r-release-macos-x86_64 | 0.9.7 | 65.00 | OK | |||
r-release-windows-x86_64 | 0.9.8 | 8.00 | 105.00 | 113.00 | OK | |
r-oldrel-macos-arm64 | 0.9.8 | 53.00 | OK | |||
r-oldrel-macos-x86_64 | 0.9.7 | 54.00 | OK | |||
r-oldrel-windows-x86_64 | 0.9.7 | 10.00 | 104.00 | 114.00 | OK |
Version: 0.9.8
Check: Rd cross-references
Result: NOTE
Undeclared package ‘lubridate’ in Rd xrefs
Flavor: r-devel-linux-x86_64-fedora-clang
Version: 0.9.7
Check: re-building of vignette outputs
Result: ERROR
Error(s) in re-building vignettes:
...
--- re-building ‘find-sites.Rmd’ using rmarkdown
Quitting from lines 28-29 [getmeta] (find-sites.Rmd)
Error: processing vignette ‘find-sites.Rmd’ failed with diagnostics:
cannot open the connection to ‘https://www1.ncdc.noaa.gov/pub/data/noaa/isd-history.csv’
--- failed re-building ‘find-sites.Rmd’
SUMMARY: processing the following file failed:
‘find-sites.Rmd’
Error: Vignette re-building failed.
Execution halted
Flavors: r-patched-linux-x86_64, r-release-linux-x86_64