CRAN Package Check Results for Package wosr

Last updated on 2024-05-19 05:56:06 CEST.

Flavor Version Tinstall Tcheck Ttotal Status Flags
r-devel-linux-x86_64-debian-clang 0.3.0 3.72 35.32 39.04 NOTE
r-devel-linux-x86_64-debian-gcc 0.3.0 3.07 26.79 29.86 NOTE
r-devel-linux-x86_64-fedora-clang 0.3.0 48.71 NOTE
r-devel-linux-x86_64-fedora-gcc 0.3.0 64.84 NOTE
r-devel-windows-x86_64 0.3.0 4.00 48.00 52.00 NOTE
r-patched-linux-x86_64 0.3.0 3.99 33.15 37.14 NOTE
r-release-linux-x86_64 0.3.0 3.65 33.40 37.05 NOTE
r-release-macos-arm64 0.3.0 19.00 NOTE
r-release-windows-x86_64 0.3.0 5.00 49.00 54.00 NOTE
r-oldrel-macos-arm64 0.3.0 17.00 NOTE
r-oldrel-macos-x86_64 0.3.0 24.00 NOTE
r-oldrel-windows-x86_64 0.3.0 5.00 54.00 59.00 NOTE

Check Details

Version: 0.3.0
Check: LazyData
Result: NOTE 'LazyData' is specified without a 'data' directory Flavors: r-devel-linux-x86_64-debian-clang, r-devel-linux-x86_64-debian-gcc, r-devel-linux-x86_64-fedora-clang, r-devel-linux-x86_64-fedora-gcc, r-devel-windows-x86_64, r-patched-linux-x86_64, r-release-linux-x86_64, r-release-macos-arm64, r-release-windows-x86_64, r-oldrel-macos-arm64, r-oldrel-macos-x86_64, r-oldrel-windows-x86_64