CRAN Package Check Results for Package wpa

Last updated on 2024-05-30 11:49:40 CEST.

Flavor Version Tinstall Tcheck Ttotal Status Flags
r-devel-linux-x86_64-debian-clang 1.9.0 27.81 425.00 452.81 ERROR
r-devel-linux-x86_64-debian-gcc 1.9.0 22.92 303.05 325.97 ERROR
r-devel-linux-x86_64-fedora-clang 1.9.0 572.09 ERROR
r-devel-linux-x86_64-fedora-gcc 1.9.0 533.09 ERROR
r-devel-windows-x86_64 1.9.0 25.00 353.00 378.00 NOTE
r-patched-linux-x86_64 1.9.0 27.89 419.48 447.37 NOTE
r-release-linux-x86_64 1.9.0 19.28 397.02 416.30 NOTE
r-release-macos-arm64 1.9.0 137.00 NOTE
r-release-windows-x86_64 1.9.0 25.00 363.00 388.00 NOTE
r-oldrel-macos-arm64 1.9.0 145.00 OK
r-oldrel-macos-x86_64 1.9.0 322.00 OK
r-oldrel-windows-x86_64 1.9.0 37.00 467.00 504.00 OK

Check Details

Version: 1.9.0
Check: Rd files
Result: NOTE checkRd: (-1) theme_wpa.Rd:16: Lost braces; missing escapes or markup? 16 | you can use this font, install and load {extrafont} prior to | ^ Flavors: r-devel-linux-x86_64-debian-clang, r-devel-linux-x86_64-debian-gcc, r-devel-linux-x86_64-fedora-clang, r-devel-linux-x86_64-fedora-gcc, r-devel-windows-x86_64, r-patched-linux-x86_64, r-release-linux-x86_64, r-release-macos-arm64, r-release-windows-x86_64

Version: 1.9.0
Check: examples
Result: ERROR Running examples in ‘wpa-Ex.R’ failed The error most likely occurred in: > base::assign(".ptime", proc.time(), pos = "CheckExEnv") > ### Name: tm_wordcloud > ### Title: Generate a wordcloud with meeting subject lines > ### Aliases: tm_wordcloud > > ### ** Examples > > tm_wordcloud(mt_data, keep = 30) *** caught segfault *** address 0x1, cause 'memory not mapped' Traceback: 1: wordcloud_boxes(data_points = points_valid_first, boxes = boxes, boxes_text = boxes_text, text_boxes = text_boxes, bigboxes = bigboxes, boxes_masks = boxes_masks, boxes_mask = boxes_mask, mask_boxes = mask_boxes, mask_group = mask_group, angle_group = angle_group, max_angle_group = x$data$max_angle_group[1], xlim = range(x$limits$x), ylim = range(x$limits$y), eccentricity = x$eccentricity, rstep = x$rstep, tstep = x$tstep, perc_step = x$perc_step, max_steps = x$max_steps, rm_outside = x$rm_outside, shape = x$shape) 2: makeContent.textwordcloudtree(x) 3: makeContent(x) 4: drawGTree(x) 5: recordGraphics(drawGTree(x), list(x = x), getNamespace("grid")) 6: grid.draw.gTree(x$children[[i]], recording = FALSE) 7: grid.draw(x$children[[i]], recording = FALSE) 8: drawGTree(x) 9: recordGraphics(drawGTree(x), list(x = x), getNamespace("grid")) 10: grid.draw.gTree(x$children[[i]], recording = FALSE) 11: grid.draw(x$children[[i]], recording = FALSE) 12: drawGTree(x) 13: recordGraphics(drawGTree(x), list(x = x), getNamespace("grid")) 14: grid.draw.gTree(x$children[[i]], recording = FALSE) 15: grid.draw(x$children[[i]], recording = FALSE) 16: drawGTree(x) 17: recordGraphics(drawGTree(x), list(x = x), getNamespace("grid")) 18: grid.draw.gTree(gtable) 19: grid.draw(gtable) 20: print.ggplot(x) 21: (function (x, ...) UseMethod("print"))(x) An irrecoverable exception occurred. R is aborting now ... Segmentation fault Examples with CPU (user + system) or elapsed time > 5s user system elapsed create_rank 4.555 0.000 5.288 network_p2p 4.180 0.092 5.806 identify_shifts_wp 4.141 0.028 5.176 collaboration_rank 3.938 0.083 5.191 one2one_rank 3.930 0.004 5.009 Flavor: r-devel-linux-x86_64-debian-clang

Version: 1.9.0
Check: examples
Result: ERROR Running examples in ‘wpa-Ex.R’ failed The error most likely occurred in: > base::assign(".ptime", proc.time(), pos = "CheckExEnv") > ### Name: tm_wordcloud > ### Title: Generate a wordcloud with meeting subject lines > ### Aliases: tm_wordcloud > > ### ** Examples > > tm_wordcloud(mt_data, keep = 30) *** caught segfault *** address 0x1, cause 'memory not mapped' Traceback: 1: wordcloud_boxes(data_points = points_valid_first, boxes = boxes, boxes_text = boxes_text, text_boxes = text_boxes, bigboxes = bigboxes, boxes_masks = boxes_masks, boxes_mask = boxes_mask, mask_boxes = mask_boxes, mask_group = mask_group, angle_group = angle_group, max_angle_group = x$data$max_angle_group[1], xlim = range(x$limits$x), ylim = range(x$limits$y), eccentricity = x$eccentricity, rstep = x$rstep, tstep = x$tstep, perc_step = x$perc_step, max_steps = x$max_steps, rm_outside = x$rm_outside, shape = x$shape) 2: makeContent.textwordcloudtree(x) 3: makeContent(x) 4: drawGTree(x) 5: recordGraphics(drawGTree(x), list(x = x), getNamespace("grid")) 6: grid.draw.gTree(x$children[[i]], recording = FALSE) 7: grid.draw(x$children[[i]], recording = FALSE) 8: drawGTree(x) 9: recordGraphics(drawGTree(x), list(x = x), getNamespace("grid")) 10: grid.draw.gTree(x$children[[i]], recording = FALSE) 11: grid.draw(x$children[[i]], recording = FALSE) 12: drawGTree(x) 13: recordGraphics(drawGTree(x), list(x = x), getNamespace("grid")) 14: grid.draw.gTree(x$children[[i]], recording = FALSE) 15: grid.draw(x$children[[i]], recording = FALSE) 16: drawGTree(x) 17: recordGraphics(drawGTree(x), list(x = x), getNamespace("grid")) 18: grid.draw.gTree(gtable) 19: grid.draw(gtable) 20: print.ggplot(x) 21: (function (x, ...) UseMethod("print"))(x) An irrecoverable exception occurred. R is aborting now ... Segmentation fault Examples with CPU (user + system) or elapsed time > 5s user system elapsed email_rank 2.926 0.026 5.890 one2one_rank 2.846 0.047 5.425 Flavor: r-devel-linux-x86_64-debian-gcc

Version: 1.9.0
Check: examples
Result: ERROR Running examples in ‘wpa-Ex.R’ failed The error most likely occurred in: > ### Name: tm_wordcloud > ### Title: Generate a wordcloud with meeting subject lines > ### Aliases: tm_wordcloud > > ### ** Examples > > tm_wordcloud(mt_data, keep = 30) *** caught segfault *** address 0x1, cause 'memory not mapped' Traceback: 1: wordcloud_boxes(data_points = points_valid_first, boxes = boxes, boxes_text = boxes_text, text_boxes = text_boxes, bigboxes = bigboxes, boxes_masks = boxes_masks, boxes_mask = boxes_mask, mask_boxes = mask_boxes, mask_group = mask_group, angle_group = angle_group, max_angle_group = x$data$max_angle_group[1], xlim = range(x$limits$x), ylim = range(x$limits$y), eccentricity = x$eccentricity, rstep = x$rstep, tstep = x$tstep, perc_step = x$perc_step, max_steps = x$max_steps, rm_outside = x$rm_outside, shape = x$shape) 2: makeContent.textwordcloudtree(x) 3: makeContent(x) 4: drawGTree(x) 5: recordGraphics(drawGTree(x), list(x = x), getNamespace("grid")) 6: grid.draw.gTree(x$children[[i]], recording = FALSE) 7: grid.draw(x$children[[i]], recording = FALSE) 8: drawGTree(x) 9: recordGraphics(drawGTree(x), list(x = x), getNamespace("grid")) 10: grid.draw.gTree(x$children[[i]], recording = FALSE) 11: grid.draw(x$children[[i]], recording = FALSE) 12: drawGTree(x) 13: recordGraphics(drawGTree(x), list(x = x), getNamespace("grid")) 14: grid.draw.gTree(x$children[[i]], recording = FALSE) 15: grid.draw(x$children[[i]], recording = FALSE) 16: drawGTree(x) 17: recordGraphics(drawGTree(x), list(x = x), getNamespace("grid")) 18: grid.draw.gTree(gtable) 19: grid.draw(gtable) 20: print.ggplot(x) 21: (function (x, ...) UseMethod("print"))(x) An irrecoverable exception occurred. R is aborting now ... Flavors: r-devel-linux-x86_64-fedora-clang, r-devel-linux-x86_64-fedora-gcc