CRAN Package Check Results for Package wpp2019

Last updated on 2023-03-27 23:55:58 CEST.

Flavor Version Tinstall Tcheck Ttotal Status Flags
r-devel-linux-x86_64-debian-clang 1.1-1 3.46 48.97 52.43 OK
r-devel-linux-x86_64-debian-gcc 1.1-1 1.89 36.90 38.79 OK
r-devel-linux-x86_64-fedora-clang 1.1-1 60.83 NOTE
r-devel-linux-x86_64-fedora-gcc 1.1-1 58.41 OK
r-patched-linux-x86_64 1.1-1 3.63 44.62 48.25 OK
r-release-linux-x86_64 1.1-1 2.62 44.06 46.68 OK
r-release-macos-arm64 1.1-1 24.00 NOTE
r-release-macos-x86_64 1.1-1 42.00 NOTE
r-release-windows-x86_64 1.1-1 38.00 91.00 129.00 NOTE
r-oldrel-macos-arm64 1.1-1 32.00 NOTE
r-oldrel-macos-x86_64 1.1-1 46.00 NOTE
r-oldrel-windows-ix86+x86_64 1.1-1 10.00 73.00 83.00 NOTE

Check Details

Version: 1.1-1
Check: installed package size
Result: NOTE
     installed size is 11.4Mb
     sub-directories of 1Mb or more:
     data 11.3Mb
Flavors: r-devel-linux-x86_64-fedora-clang, r-release-macos-arm64, r-release-macos-x86_64, r-release-windows-x86_64, r-oldrel-macos-arm64, r-oldrel-macos-x86_64, r-oldrel-windows-ix86+x86_64