Last updated on 2024-08-16 11:49:55 CEST.
Flavor | Version | Tinstall | Tcheck | Ttotal | Status | Flags |
---|---|---|---|---|---|---|
r-devel-linux-x86_64-debian-clang | 1.1.1 | 11.51 | 27.61 | 39.12 | NOTE | |
r-devel-linux-x86_64-debian-gcc | 1.1.1 | 8.42 | 21.72 | 30.14 | NOTE | |
r-devel-linux-x86_64-fedora-clang | 1.1.1 | 68.71 | NOTE | |||
r-devel-linux-x86_64-fedora-gcc | 1.1.1 | 69.29 | NOTE | |||
r-devel-windows-x86_64 | 1.1.1 | 15.00 | 66.00 | 81.00 | NOTE | |
r-patched-linux-x86_64 | 1.1.1 | 10.94 | 26.58 | 37.52 | NOTE | |
r-release-linux-x86_64 | 1.1.1 | 11.29 | 26.42 | 37.71 | NOTE | |
r-release-macos-arm64 | 1.1.1 | 24.00 | NOTE | |||
r-release-macos-x86_64 | 1.1.1 | 33.00 | NOTE | |||
r-release-windows-x86_64 | 1.1.1 | 15.00 | 64.00 | 79.00 | NOTE | |
r-oldrel-macos-arm64 | 1.1.1 | 26.00 | NOTE | |||
r-oldrel-macos-x86_64 | 1.1.1 | 39.00 | NOTE | |||
r-oldrel-windows-x86_64 | 1.1.1 | 17.00 | 73.00 | 90.00 | NOTE |
Version: 1.1.1
Check: LazyData
Result: NOTE
'LazyData' is specified without a 'data' directory
Flavors: r-devel-linux-x86_64-debian-clang, r-devel-linux-x86_64-debian-gcc, r-devel-linux-x86_64-fedora-clang, r-devel-linux-x86_64-fedora-gcc, r-devel-windows-x86_64, r-patched-linux-x86_64, r-release-linux-x86_64, r-release-macos-arm64, r-release-macos-x86_64, r-release-windows-x86_64, r-oldrel-macos-arm64, r-oldrel-macos-x86_64, r-oldrel-windows-x86_64