Last updated on 2023-06-07 05:58:36 CEST.
Flavor | Version | Tinstall | Tcheck | Ttotal | Status | Flags |
---|---|---|---|---|---|---|
r-devel-linux-x86_64-debian-clang | 1.0.1 | 62.82 | 76.46 | 139.28 | NOTE | |
r-devel-linux-x86_64-debian-gcc | 1.0.1 | 52.55 | 57.16 | 109.71 | NOTE | |
r-devel-linux-x86_64-fedora-clang | 1.0.1 | 196.46 | NOTE | |||
r-devel-linux-x86_64-fedora-gcc | 1.0.1 | 184.13 | NOTE | |||
r-devel-windows-x86_64 | 1.0.1 | 55.00 | 98.00 | 153.00 | NOTE | |
r-patched-linux-x86_64 | 1.0.1 | 52.36 | 71.14 | 123.50 | NOTE | |
r-release-linux-x86_64 | 1.0.1 | 42.79 | 70.25 | 113.04 | NOTE | |
r-release-macos-arm64 | 1.0.1 | 53.00 | NOTE | |||
r-release-macos-x86_64 | 1.0.1 | 90.00 | NOTE | |||
r-release-windows-x86_64 | 1.0.1 | 71.00 | 110.00 | 181.00 | NOTE | |
r-oldrel-macos-arm64 | 1.0.1 | 56.00 | NOTE | |||
r-oldrel-macos-x86_64 | 1.0.1 | 70.00 | NOTE | |||
r-oldrel-windows-x86_64 | 1.0.1 | 70.00 | 113.00 | 183.00 | OK |
Version: 1.0.1
Check: C++ specification
Result: NOTE
Specified C++11: please drop specification unless essential
Flavors: r-devel-linux-x86_64-debian-clang, r-devel-linux-x86_64-debian-gcc, r-devel-linux-x86_64-fedora-clang, r-devel-linux-x86_64-fedora-gcc, r-devel-windows-x86_64, r-patched-linux-x86_64, r-release-linux-x86_64, r-release-macos-arm64, r-release-macos-x86_64, r-release-windows-x86_64
Version: 1.0.1
Check: dependencies in R code
Result: NOTE
Namespace in Imports field not imported from: ‘future’
All declared Imports should be used.
Flavors: r-devel-linux-x86_64-fedora-clang, r-devel-linux-x86_64-fedora-gcc, r-oldrel-macos-arm64, r-oldrel-macos-x86_64
Version: 1.0.1
Check: installed package size
Result: NOTE
installed size is 5.7Mb
sub-directories of 1Mb or more:
data 4.1Mb
libs 1.4Mb
Flavors: r-release-macos-arm64, r-release-macos-x86_64, r-oldrel-macos-arm64, r-oldrel-macos-x86_64