CRAN Package Check Results for Package x3ptools

Last updated on 2019-06-23 11:48:32 CEST.

Flavor Version Tinstall Tcheck Ttotal Status Flags
r-devel-linux-x86_64-debian-clang 0.0.2 4.93 44.22 49.15 OK
r-devel-linux-x86_64-debian-gcc 0.0.2 3.60 34.90 38.50 OK
r-devel-linux-x86_64-fedora-clang 0.0.2 58.58 OK
r-devel-linux-x86_64-fedora-gcc 0.0.2 55.89 OK
r-devel-windows-ix86+x86_64 0.0.2 19.00 71.00 90.00 OK
r-patched-linux-x86_64 0.0.2 4.56 43.81 48.37 OK
r-patched-solaris-x86 0.0.2 93.10 OK
r-release-linux-x86_64 0.0.2 4.94 44.00 48.94 OK
r-release-windows-ix86+x86_64 0.0.2 11.00 94.00 105.00 OK
r-release-osx-x86_64 0.0.2 WARN
r-oldrel-windows-ix86+x86_64 0.0.2 8.00 98.00 106.00 OK
r-oldrel-osx-x86_64 0.0.2 OK

Check Details

Version: 0.0.2
Check: whether package can be installed
Result: WARN
    Found the following significant warnings:
     Warning: 'rgl_init' failed, running with rgl.useNULL = TRUE
Flavor: r-release-osx-x86_64