CRAN Package Check Results for Package x3ptools

Last updated on 2019-09-23 17:47:20 CEST.

Flavor Version Tinstall Tcheck Ttotal Status Flags
r-devel-linux-x86_64-debian-clang 0.0.2 4.56 42.34 46.90 OK
r-devel-linux-x86_64-debian-gcc 0.0.2 4.28 33.78 38.06 OK
r-devel-linux-x86_64-fedora-clang 0.0.2 60.93 OK
r-devel-linux-x86_64-fedora-gcc 0.0.2 60.89 OK
r-devel-windows-ix86+x86_64 0.0.2 33.00 67.00 100.00 OK
r-patched-linux-x86_64 0.0.2 4.85 42.04 46.89 OK
r-patched-solaris-x86 0.0.2 96.70 OK
r-release-linux-x86_64 0.0.2 4.33 42.76 47.09 OK
r-release-windows-ix86+x86_64 0.0.2 26.00 102.00 128.00 OK
r-release-osx-x86_64 0.0.2 WARN
r-oldrel-windows-ix86+x86_64 0.0.2 6.00 63.00 69.00 OK
r-oldrel-osx-x86_64 0.0.2 OK

Check Details

Version: 0.0.2
Check: whether package can be installed
Result: WARN
    Found the following significant warnings:
     Warning: 'rgl_init' failed, running with rgl.useNULL = TRUE
Flavor: r-release-osx-x86_64