CRAN Package Check Results for Package x3ptools

Last updated on 2021-01-22 05:50:45 CET.

Flavor Version Tinstall Tcheck Ttotal Status Flags
r-devel-linux-x86_64-debian-clang 0.0.2 5.42 54.31 59.73 OK
r-devel-linux-x86_64-debian-gcc 0.0.2 4.88 43.12 48.00 OK
r-devel-linux-x86_64-fedora-clang 0.0.2 82.06 OK
r-devel-linux-x86_64-fedora-gcc 0.0.2 70.91 OK
r-devel-windows-ix86+x86_64 0.0.2 15.00 61.00 76.00 OK
r-patched-linux-x86_64 0.0.2 6.12 51.85 57.97 OK
r-patched-solaris-x86 0.0.2 108.20 OK
r-release-linux-x86_64 0.0.2 5.87 51.91 57.78 OK
r-release-macos-x86_64 0.0.2 OK
r-release-windows-ix86+x86_64 0.0.2 28.00 78.00 106.00 OK
r-oldrel-macos-x86_64 0.0.2 WARN
r-oldrel-windows-ix86+x86_64 0.0.2 8.00 63.00 71.00 OK

Additional issues

M1mac

Check Details

Version: 0.0.2
Check: whether package can be installed
Result: WARN
    Found the following significant warnings:
     Warning: 'rgl_init' failed, running with rgl.useNULL = TRUE
Flavor: r-oldrel-macos-x86_64