Last updated on 2023-12-01 17:52:54 CET.
Flavor | Version | Tinstall | Tcheck | Ttotal | Status | Flags |
---|---|---|---|---|---|---|
r-devel-linux-x86_64-debian-clang | 1.7.8 | 13.04 | 101.99 | 115.03 | NOTE | |
r-devel-linux-x86_64-debian-gcc | 1.7.8 | 9.90 | 74.99 | 84.89 | NOTE | |
r-devel-linux-x86_64-fedora-clang | 1.7.8 | 150.90 | NOTE | |||
r-devel-linux-x86_64-fedora-gcc | 1.7.8 | 140.89 | OK | |||
r-devel-windows-x86_64 | 1.7.8 | 11.00 | 88.00 | 99.00 | OK | |
r-patched-linux-x86_64 | 1.7.8 | 12.02 | 95.09 | 107.11 | OK | |
r-release-linux-x86_64 | 1.7.8 | 11.62 | 93.48 | 105.10 | OK | |
r-release-macos-arm64 | 1.7.8 | 45.00 | OK | |||
r-release-macos-x86_64 | 1.7.8 | 71.00 | OK | |||
r-release-windows-x86_64 | 1.7.8 | 14.00 | 154.00 | 168.00 | OK | |
r-oldrel-macos-arm64 | 1.7.8 | 35.00 | OK | |||
r-oldrel-macos-x86_64 | 1.7.8 | 56.00 | OK | |||
r-oldrel-windows-x86_64 | 1.7.8 | 15.00 | 106.00 | 121.00 | OK |
Version: 1.7.8
Check: Rd files
Result: NOTE
checkRd: (-1) chemnet.Rd:111: Lost braces in \itemize; meant \describe ?
checkRd: (-1) chemnet.Rd:112: Lost braces in \itemize; meant \describe ?
checkRd: (-1) knecht.Rd:103: Lost braces in \itemize; meant \describe ?
checkRd: (-1) knecht.Rd:104: Lost braces in \itemize; meant \describe ?
checkRd: (-1) knecht.Rd:105: Lost braces in \itemize; meant \describe ?
Flavors: r-devel-linux-x86_64-debian-clang, r-devel-linux-x86_64-debian-gcc
Version: 1.7.8
Check: Rd cross-references
Result: NOTE
Undeclared package ‘RSiena’ in Rd xrefs
Flavor: r-devel-linux-x86_64-fedora-clang