CRAN Package Check Results for Package xgboost

Last updated on 2021-09-28 05:49:00 CEST.

Flavor Version Tinstall Tcheck Ttotal Status Flags
r-devel-linux-x86_64-debian-clang 1.4.1.1 211.92 242.88 454.80 NOTE
r-devel-linux-x86_64-debian-gcc 1.4.1.1 188.67 187.95 376.62 NOTE
r-devel-linux-x86_64-fedora-clang 1.4.1.1 624.58 NOTE
r-devel-linux-x86_64-fedora-gcc 1.4.1.1 608.32 NOTE
r-devel-windows-x86_64 1.4.1.1 171.00 195.00 366.00 NOTE
r-devel-windows-x86_64-gcc10-UCRT 1.4.1.1 NOTE
r-patched-linux-x86_64 1.4.1.1 209.24 216.65 425.89 NOTE
r-patched-solaris-x86 1.4.1.1 566.20 NOTE
r-release-linux-x86_64 1.4.1.1 213.31 217.74 431.05 NOTE
r-release-macos-arm64 1.4.1.1 NOTE
r-release-macos-x86_64 1.4.1.1 NOTE
r-release-windows-ix86+x86_64 1.4.1.1 430.00 282.00 712.00 NOTE
r-oldrel-macos-x86_64 1.4.1.1 NOTE
r-oldrel-windows-ix86+x86_64 1.4.1.1 317.00 296.00 613.00 NOTE

Check Details

Version: 1.4.1.1
Check: for GNU extensions in Makefiles
Result: NOTE
    GNU make is a SystemRequirements.
Flavors: r-devel-linux-x86_64-debian-clang, r-devel-linux-x86_64-debian-gcc, r-devel-linux-x86_64-fedora-clang, r-devel-linux-x86_64-fedora-gcc, r-devel-windows-x86_64, r-devel-windows-x86_64-gcc10-UCRT, r-patched-linux-x86_64, r-patched-solaris-x86, r-release-linux-x86_64, r-release-macos-arm64, r-release-macos-x86_64, r-release-windows-ix86+x86_64, r-oldrel-macos-x86_64, r-oldrel-windows-ix86+x86_64

Version: 1.4.1.1
Check: installed package size
Result: NOTE
     installed size is 32.5Mb
     sub-directories of 1Mb or more:
     libs 31.6Mb
Flavors: r-devel-linux-x86_64-fedora-clang, r-release-macos-arm64, r-release-macos-x86_64, r-release-windows-ix86+x86_64, r-oldrel-macos-x86_64, r-oldrel-windows-ix86+x86_64