Last updated on 2024-05-11 11:48:36 CEST.
Flavor | Version | Tinstall | Tcheck | Ttotal | Status | Flags |
---|---|---|---|---|---|---|
r-devel-linux-x86_64-debian-clang | 1.0.1 | 5.75 | 79.23 | 84.98 | NOTE | |
r-devel-linux-x86_64-debian-gcc | 1.0.1 | 7.26 | 60.11 | 67.37 | NOTE | |
r-devel-linux-x86_64-fedora-clang | 1.0.1 | 108.58 | NOTE | |||
r-devel-linux-x86_64-fedora-gcc | 1.0.1 | 167.30 | NOTE | |||
r-devel-windows-x86_64 | 1.0.1 | 7.00 | 73.00 | 80.00 | NOTE | |
r-patched-linux-x86_64 | 1.0.1 | 8.90 | 75.22 | 84.12 | NOTE | |
r-release-linux-x86_64 | 1.0.1 | 7.14 | 74.15 | 81.29 | NOTE | |
r-release-macos-arm64 | 1.0.1 | 41.00 | NOTE | |||
r-release-windows-x86_64 | 1.0.1 | 10.00 | 72.00 | 82.00 | NOTE | |
r-oldrel-macos-arm64 | 1.0.1 | 41.00 | NOTE | |||
r-oldrel-macos-x86_64 | 1.0.1 | 69.00 | NOTE | |||
r-oldrel-windows-x86_64 | 1.0.1 | 10.00 | 85.00 | 95.00 | NOTE |
Version: 1.0.1
Check: package subdirectories
Result: NOTE
Problems with news in ‘NEWS.md’:
No news entries found.
Flavors: r-devel-linux-x86_64-debian-clang, r-devel-linux-x86_64-debian-gcc, r-devel-linux-x86_64-fedora-clang, r-devel-linux-x86_64-fedora-gcc, r-devel-windows-x86_64, r-patched-linux-x86_64, r-release-linux-x86_64, r-release-macos-arm64, r-release-windows-x86_64, r-oldrel-macos-arm64, r-oldrel-macos-x86_64, r-oldrel-windows-x86_64