CRAN Package Check Results for Package xrnet

Last updated on 2021-06-15 17:50:42 CEST.

Flavor Version Tinstall Tcheck Ttotal Status Flags
r-devel-linux-x86_64-debian-clang 0.1.7 120.73 57.07 177.80 OK
r-devel-linux-x86_64-debian-gcc 0.1.7 92.08 48.23 140.31 OK
r-devel-linux-x86_64-fedora-clang 0.1.7 242.33 NOTE
r-devel-linux-x86_64-fedora-gcc 0.1.7 239.31 OK
r-devel-windows-x86_64 0.1.7 126.00 100.00 226.00 OK
r-devel-windows-x86_64-gcc10-UCRT 0.1.7 OK
r-patched-linux-x86_64 0.1.7 96.92 59.25 156.17 OK
r-patched-solaris-x86 0.1.7 214.70 OK
r-release-linux-x86_64 0.1.7 107.62 59.60 167.22 OK
r-release-macos-arm64 0.1.7 NOTE
r-release-macos-x86_64 0.1.7 NOTE
r-release-windows-ix86+x86_64 0.1.7 241.00 144.00 385.00 OK
r-oldrel-macos-x86_64 0.1.7 NOTE
r-oldrel-windows-ix86+x86_64 0.1.7 189.00 216.00 405.00 OK

Check Details

Version: 0.1.7
Check: installed package size
Result: NOTE
     installed size is 24.8Mb
     sub-directories of 1Mb or more:
     libs 24.4Mb
Flavors: r-devel-linux-x86_64-fedora-clang, r-release-macos-arm64, r-release-macos-x86_64, r-oldrel-macos-x86_64