CRAN Package Check Results for Package yager

Last updated on 2024-06-23 00:56:54 CEST.

Flavor Version Tinstall Tcheck Ttotal Status Flags
r-devel-linux-x86_64-debian-clang 0.1.1 3.65 34.63 38.28 NOTE
r-devel-linux-x86_64-debian-gcc 0.1.1 2.14 26.50 28.64 NOTE
r-devel-linux-x86_64-fedora-clang 0.1.1 47.96 NOTE
r-devel-linux-x86_64-fedora-gcc 0.1.1 45.77 NOTE
r-devel-windows-x86_64 0.1.1 4.00 50.00 54.00 NOTE
r-patched-linux-x86_64 0.1.1 3.28 33.78 37.06 NOTE
r-release-linux-x86_64 0.1.1 3.29 33.49 36.78 NOTE
r-release-macos-arm64 0.1.1 20.00 NOTE
r-release-macos-x86_64 0.1.1 36.00 NOTE
r-release-windows-x86_64 0.1.1 5.00 51.00 56.00 NOTE
r-oldrel-macos-arm64 0.1.1 20.00 NOTE
r-oldrel-macos-x86_64 0.1.1 29.00 NOTE
r-oldrel-windows-x86_64 0.1.1 5.00 54.00 59.00 NOTE

Check Details

Version: 0.1.1
Check: LazyData
Result: NOTE 'LazyData' is specified without a 'data' directory Flavors: r-devel-linux-x86_64-debian-clang, r-devel-linux-x86_64-debian-gcc, r-devel-linux-x86_64-fedora-clang, r-devel-linux-x86_64-fedora-gcc, r-devel-windows-x86_64, r-patched-linux-x86_64, r-release-linux-x86_64, r-release-macos-arm64, r-release-macos-x86_64, r-release-windows-x86_64, r-oldrel-macos-arm64, r-oldrel-macos-x86_64, r-oldrel-windows-x86_64