Last updated on 2023-10-03 18:05:17 CEST.
Flavor | Version | Tinstall | Tcheck | Ttotal | Status | Flags |
---|---|---|---|---|---|---|
r-devel-linux-x86_64-debian-clang | 0.1.1 | 3.17 | 34.10 | 37.27 | NOTE | |
r-devel-linux-x86_64-debian-gcc | 0.1.1 | 2.61 | 26.52 | 29.13 | NOTE | |
r-devel-linux-x86_64-fedora-clang | 0.1.1 | 46.06 | NOTE | |||
r-devel-linux-x86_64-fedora-gcc | 0.1.1 | 45.61 | NOTE | |||
r-devel-windows-x86_64 | 0.1.1 | 5.00 | 52.00 | 57.00 | NOTE | |
r-patched-linux-x86_64 | 0.1.1 | 3.55 | 32.54 | 36.09 | NOTE | |
r-release-linux-x86_64 | 0.1.1 | 3.17 | 33.61 | 36.78 | NOTE | |
r-release-macos-arm64 | 0.1.1 | 20.00 | NOTE | |||
r-release-macos-x86_64 | 0.1.1 | 29.00 | NOTE | |||
r-release-windows-x86_64 | 0.1.1 | 5.00 | 54.00 | 59.00 | NOTE | |
r-oldrel-macos-arm64 | 0.1.1 | 20.00 | NOTE | |||
r-oldrel-macos-x86_64 | 0.1.1 | 27.00 | NOTE | |||
r-oldrel-windows-x86_64 | 0.1.1 | 6.00 | 58.00 | 64.00 | NOTE |
Version: 0.1.1
Check: LazyData
Result: NOTE
'LazyData' is specified without a 'data' directory
Flavors: r-devel-linux-x86_64-debian-clang, r-devel-linux-x86_64-debian-gcc, r-devel-linux-x86_64-fedora-clang, r-devel-linux-x86_64-fedora-gcc, r-devel-windows-x86_64, r-patched-linux-x86_64, r-release-linux-x86_64, r-release-macos-arm64, r-release-macos-x86_64, r-release-windows-x86_64, r-oldrel-macos-arm64, r-oldrel-macos-x86_64, r-oldrel-windows-x86_64