Last updated on 2023-05-28 12:02:06 CEST.
Flavor | Version | Tinstall | Tcheck | Ttotal | Status | Flags |
---|---|---|---|---|---|---|
r-devel-linux-x86_64-debian-clang | 1.15.22 | 154.51 | 249.48 | 403.99 | OK | |
r-devel-linux-x86_64-debian-gcc | 1.15.22 | 120.66 | 186.69 | 307.35 | OK | |
r-devel-linux-x86_64-fedora-clang | 1.15.22 | 511.98 | OK | |||
r-devel-linux-x86_64-fedora-gcc | 1.15.22 | 486.04 | OK | |||
r-devel-windows-x86_64 | 1.15.22 | 125.00 | 233.00 | 358.00 | OK | |
r-patched-linux-x86_64 | 1.15.22 | 150.61 | 239.26 | 389.87 | OK | |
r-release-linux-x86_64 | 1.15.22 | 139.68 | 236.09 | 375.77 | OK | |
r-release-macos-arm64 | 1.15.22 | 137.00 | NOTE | |||
r-release-macos-x86_64 | 1.15.22 | 264.00 | NOTE | |||
r-release-windows-x86_64 | 1.15.22 | 167.00 | 322.00 | 489.00 | OK | |
r-oldrel-macos-arm64 | 1.15.22 | 128.00 | NOTE | |||
r-oldrel-macos-x86_64 | 1.15.22 | 170.00 | NOTE | |||
r-oldrel-windows-x86_64 | 1.15.22 | 157.00 | 280.00 | 437.00 | OK |
Version: 1.15.22
Check: installed package size
Result: NOTE
installed size is 8.8Mb
sub-directories of 1Mb or more:
R 3.0Mb
libs 4.8Mb
Flavors: r-release-macos-arm64, r-release-macos-x86_64, r-oldrel-macos-arm64, r-oldrel-macos-x86_64