CRAN Package Check Results for Package zeallot

Last updated on 2019-11-18 18:48:37 CET.

Flavor Version Tinstall Tcheck Ttotal Status Flags
r-devel-linux-x86_64-debian-clang 0.1.0 1.61 25.05 26.66 OK
r-devel-linux-x86_64-debian-gcc 0.1.0 1.60 20.39 21.99 OK
r-devel-linux-x86_64-fedora-clang 0.1.0 33.22 OK
r-devel-linux-x86_64-fedora-gcc 0.1.0 32.44 OK
r-devel-windows-ix86+x86_64 0.1.0 10.00 40.00 50.00 OK
r-patched-linux-x86_64 0.1.0 1.27 23.70 24.97 OK
r-patched-solaris-x86 0.1.0 51.20 OK
r-release-linux-x86_64 0.1.0 1.22 23.87 25.09 OK
r-release-windows-ix86+x86_64 0.1.0 2.00 7.00 9.00 ERROR
r-release-osx-x86_64 0.1.0 OK
r-oldrel-windows-ix86+x86_64 0.1.0 7.00 46.00 53.00 OK
r-oldrel-osx-x86_64 0.1.0 OK

Check Details

Version: 0.1.0
Check: whether package can be installed
Result: ERROR
    Installation failed.
Flavor: r-release-windows-ix86+x86_64