Last updated on 2023-03-22 05:52:43 CET.
Flavor | Version | Tinstall | Tcheck | Ttotal | Status | Flags |
---|---|---|---|---|---|---|
r-devel-linux-x86_64-debian-clang | 0.1.0 | 16.77 | 44.01 | 60.78 | OK | |
r-devel-linux-x86_64-debian-gcc | 0.1.0 | 13.39 | 34.00 | 47.39 | OK | |
r-devel-linux-x86_64-fedora-clang | 0.1.0 | 78.70 | NOTE | |||
r-devel-linux-x86_64-fedora-gcc | 0.1.0 | 71.68 | NOTE | |||
r-patched-linux-x86_64 | 0.1.0 | 12.96 | 46.30 | 59.26 | OK | |
r-release-linux-x86_64 | 0.1.0 | 12.66 | 46.43 | 59.09 | OK | |
r-release-macos-arm64 | 0.1.0 | 35.00 | NOTE | |||
r-release-macos-x86_64 | 0.1.0 | 41.00 | NOTE | |||
r-release-windows-x86_64 | 0.1.0 | 28.00 | 72.00 | 100.00 | OK | |
r-oldrel-macos-arm64 | 0.1.0 | 33.00 | NOTE | |||
r-oldrel-macos-x86_64 | 0.1.0 | 45.00 | NOTE | |||
r-oldrel-windows-ix86+x86_64 | 0.1.0 | 27.00 | 71.00 | 98.00 | OK |
Version: 0.1.0
Check: dependencies in R code
Result: NOTE
Namespace in Imports field not imported from: ‘tidyverse’
All declared Imports should be used.
Flavors: r-devel-linux-x86_64-fedora-clang, r-devel-linux-x86_64-fedora-gcc, r-release-macos-arm64, r-release-macos-x86_64, r-oldrel-macos-arm64, r-oldrel-macos-x86_64