CRAN Package Check Results for Package GMMAT

Last updated on 2022-10-07 11:52:21 CEST.

Flavor Version Tinstall Tcheck Ttotal Status Flags
r-devel-linux-x86_64-debian-clang 1.3.2 89.93 536.35 626.28 OK
r-devel-linux-x86_64-debian-gcc 1.3.2 75.72 404.56 480.28 NOTE
r-devel-linux-x86_64-fedora-clang 1.3.2 776.31 OK
r-devel-linux-x86_64-fedora-gcc 1.3.2 781.25 OK
r-devel-windows-x86_64 1.3.2 114.00 590.00 704.00 NOTE
r-patched-linux-x86_64 1.3.2 85.09 521.46 606.55 OK
r-release-linux-x86_64 1.3.2 59.49 530.46 589.95 OK
r-release-macos-arm64 1.3.2 7.00 ERROR
r-release-macos-x86_64 1.3.2 475.00 NOTE
r-release-windows-x86_64 1.3.2 104.00 581.00 685.00 NOTE
r-oldrel-macos-arm64 1.3.2 497.00 NOTE
r-oldrel-macos-x86_64 1.3.2 440.00 NOTE
r-oldrel-windows-ix86+x86_64 1.3.2 198.00 714.00 912.00 NOTE

Check Details

Version: 1.3.2
Check: compilation flags used
Result: NOTE
    Compilation used the following non-portable flag(s):
     ‘-Wstrict-prototypes’
Flavor: r-devel-linux-x86_64-debian-gcc

Version: 1.3.2
Check: package dependencies
Result: NOTE
    Package suggested but not available for checking: 'doMC'
Flavors: r-devel-windows-x86_64, r-release-windows-x86_64, r-oldrel-windows-ix86+x86_64

Version: 1.3.2
Check: package dependencies
Result: ERROR
    Package required but not available: ‘SeqArray’
    
    See section ‘The DESCRIPTION file’ in the ‘Writing R Extensions’
    manual.
Flavor: r-release-macos-arm64

Version: 1.3.2
Check: installed package size
Result: NOTE
     installed size is 8.2Mb
     sub-directories of 1Mb or more:
     libs 6.3Mb
Flavors: r-release-macos-x86_64, r-oldrel-macos-arm64, r-oldrel-macos-x86_64