CRAN Package Check Results for Package SSOSVM

Last updated on 2019-10-19 11:47:06 CEST.

Flavor Version Tinstall Tcheck Ttotal Status Flags
r-devel-linux-x86_64-debian-clang 0.2.1 32.41 22.99 55.40 OK
r-devel-linux-x86_64-debian-gcc 0.2.1 24.22 18.49 42.71 OK
r-devel-linux-x86_64-fedora-clang 0.2.1 77.25 NOTE
r-devel-linux-x86_64-fedora-gcc 0.2.1 76.14 NOTE
r-devel-windows-ix86+x86_64 0.2.1 85.00 79.00 164.00 OK
r-patched-linux-x86_64 0.2.1 23.67 22.46 46.13 OK
r-patched-solaris-x86 0.2.1 76.50 NOTE
r-release-linux-x86_64 0.2.1 25.37 22.69 48.06 OK
r-release-windows-ix86+x86_64 0.2.1 48.00 52.00 100.00 OK
r-release-osx-x86_64 0.2.1 NOTE
r-oldrel-windows-ix86+x86_64 0.2.1 57.00 50.00 107.00 OK
r-oldrel-osx-x86_64 0.2.1 NOTE

Check Details

Version: 0.2.1
Check: dependencies in R code
Result: NOTE
    Namespace in Imports field not imported from: ‘MASS’
     All declared Imports should be used.
Flavors: r-devel-linux-x86_64-fedora-clang, r-devel-linux-x86_64-fedora-gcc, r-patched-solaris-x86, r-release-osx-x86_64, r-oldrel-osx-x86_64

Version: 0.2.1
Check: package dependencies
Result: NOTE
    Package suggested but not available for checking: ‘gifski’
Flavor: r-patched-solaris-x86