Last updated on 2023-05-30 17:56:49 CEST.
Flavor | Version | Tinstall | Tcheck | Ttotal | Status | Flags |
---|---|---|---|---|---|---|
r-devel-linux-x86_64-debian-clang | 1.0.0 | 138.00 | 88.96 | 226.96 | NOTE | |
r-devel-linux-x86_64-debian-gcc | 1.0.0 | 140.48 | 66.79 | 207.27 | NOTE | |
r-devel-linux-x86_64-fedora-clang | 1.0.0 | 266.95 | OK | |||
r-devel-linux-x86_64-fedora-gcc | 1.0.0 | 426.21 | OK | |||
r-devel-windows-x86_64 | 1.0.0 | 106.00 | 112.00 | 218.00 | NOTE | |
r-patched-linux-x86_64 | 1.0.0 | 142.42 | 87.13 | 229.55 | NOTE | |
r-release-linux-x86_64 | 1.0.0 | 150.34 | 83.97 | 234.31 | NOTE | |
r-release-macos-arm64 | 1.0.0 | 107.00 | NOTE | |||
r-release-macos-x86_64 | 1.0.0 | 164.00 | NOTE | |||
r-release-windows-x86_64 | 1.0.0 | 137.00 | 136.00 | 273.00 | NOTE | |
r-oldrel-macos-arm64 | 1.0.0 | 73.00 | NOTE | |||
r-oldrel-macos-x86_64 | 1.0.0 | 119.00 | NOTE | |||
r-oldrel-windows-x86_64 | 1.0.0 | 122.00 | 133.00 | 255.00 | NOTE |
Version: 1.0.0
Check: package dependencies
Result: NOTE
Package suggested but not available for checking: ‘INLA’
Flavors: r-devel-linux-x86_64-debian-clang, r-devel-linux-x86_64-debian-gcc, r-devel-windows-x86_64, r-patched-linux-x86_64, r-release-linux-x86_64, r-release-macos-arm64, r-release-macos-x86_64, r-release-windows-x86_64, r-oldrel-macos-arm64, r-oldrel-macos-x86_64, r-oldrel-windows-x86_64
Version: 1.0.0
Check: installed package size
Result: NOTE
installed size is 14.5Mb
sub-directories of 1Mb or more:
libs 13.5Mb
Flavors: r-devel-windows-x86_64, r-release-macos-arm64, r-release-macos-x86_64, r-release-windows-x86_64, r-oldrel-macos-arm64, r-oldrel-macos-x86_64, r-oldrel-windows-x86_64