CRAN Package Check Results for Package TreeDiagram

Last updated on 2023-12-01 17:52:52 CET.

Flavor Version Tinstall Tcheck Ttotal Status Flags
r-devel-linux-x86_64-debian-clang 0.1.1 6.84 59.57 66.41 OK
r-devel-linux-x86_64-debian-gcc 0.1.1 5.86 45.35 51.21 OK
r-devel-linux-x86_64-fedora-clang 0.1.1 80.98 NOTE
r-devel-linux-x86_64-fedora-gcc 0.1.1 79.67 NOTE
r-devel-windows-x86_64 0.1.1 7.00 71.00 78.00 OK
r-patched-linux-x86_64 0.1.1 3.95 54.64 58.59 OK
r-release-linux-x86_64 0.1.1 4.17 54.47 58.64 OK
r-release-macos-arm64 0.1.1 27.00 OK
r-release-macos-x86_64 0.1.1 42.00 OK
r-release-windows-x86_64 0.1.1 9.00 73.00 82.00 OK
r-oldrel-macos-arm64 0.1.1 29.00 NOTE
r-oldrel-macos-x86_64 0.1.1 51.00 NOTE
r-oldrel-windows-x86_64 0.1.1 9.00 83.00 92.00 OK

Check Details

Version: 0.1.1
Check: dependencies in R code
Result: NOTE Namespace in Imports field not imported from: ‘tree’ All declared Imports should be used. Flavors: r-devel-linux-x86_64-fedora-clang, r-devel-linux-x86_64-fedora-gcc, r-oldrel-macos-arm64, r-oldrel-macos-x86_64