CRAN Package Check Results for Package abcrf

Last updated on 2022-11-30 23:54:34 CET.

Flavor Version Tinstall Tcheck Ttotal Status Flags
r-devel-linux-x86_64-debian-clang 1.9 83.94 105.05 188.99 OK
r-devel-linux-x86_64-debian-gcc 1.9 66.81 77.05 143.86 OK
r-devel-linux-x86_64-fedora-clang 1.9 274.83 OK
r-devel-linux-x86_64-fedora-gcc 1.9 244.73 OK
r-devel-windows-x86_64 1.9 77.00 152.00 229.00 OK
r-patched-linux-x86_64 1.9 81.42 98.83 180.25 OK
r-release-linux-x86_64 1.9 61.19 97.72 158.91 OK
r-release-macos-arm64 1.9 61.00 NOTE
r-release-macos-x86_64 1.9 85.00 NOTE
r-release-windows-x86_64 1.9 74.00 154.00 228.00 OK
r-oldrel-macos-arm64 1.9 63.00 NOTE
r-oldrel-macos-x86_64 1.9 86.00 NOTE
r-oldrel-windows-ix86+x86_64 1.9 195.00 176.00 371.00 NOTE

Check Details

Version: 1.9
Check: installed package size
Result: NOTE
     installed size is 5.4Mb
     sub-directories of 1Mb or more:
     data 2.6Mb
     libs 2.5Mb
Flavors: r-release-macos-arm64, r-release-macos-x86_64, r-oldrel-macos-arm64, r-oldrel-macos-x86_64, r-oldrel-windows-ix86+x86_64