CRAN Package Check Results for Package broom.mixed

Last updated on 2024-03-01 23:57:15 CET.

Flavor Version Tinstall Tcheck Ttotal Status Flags
r-devel-linux-x86_64-debian-clang 0.2.9.4 10.61 185.86 196.47 NOTE
r-devel-linux-x86_64-debian-gcc 0.2.9.4 6.94 140.44 147.38 NOTE
r-devel-linux-x86_64-fedora-clang 0.2.9.4 260.74 NOTE
r-devel-linux-x86_64-fedora-gcc 0.2.9.4 230.76 NOTE
r-devel-windows-x86_64 0.2.9.4 9.00 150.00 159.00 NOTE
r-patched-linux-x86_64 0.2.9.4 8.71 181.33 190.04 NOTE
r-release-linux-x86_64 0.2.9.4 5.89 181.44 187.33 NOTE
r-release-macos-arm64 0.2.9.4 71.00 NOTE
r-release-macos-x86_64 0.2.9.4 118.00 NOTE
r-release-windows-x86_64 0.2.9.4 12.00 189.00 201.00 NOTE
r-oldrel-macos-arm64 0.2.9.4 65.00 NOTE
r-oldrel-windows-x86_64 0.2.9.4 12.00 191.00 203.00 NOTE

Check Details

Version: 0.2.9.4
Check: package dependencies
Result: NOTE Package suggested but not available for checking: ‘glmmADMB’ Flavors: r-devel-linux-x86_64-debian-clang, r-devel-linux-x86_64-debian-gcc, r-devel-linux-x86_64-fedora-clang, r-devel-linux-x86_64-fedora-gcc, r-devel-windows-x86_64, r-patched-linux-x86_64, r-release-linux-x86_64, r-release-macos-arm64, r-release-macos-x86_64, r-release-windows-x86_64, r-oldrel-macos-arm64, r-oldrel-windows-x86_64

Version: 0.2.9.4
Check: Rd files
Result: NOTE checkRd: (-1) tidy.varFunc.Rd:26-27: Lost braces in \itemize; meant \describe ? checkRd: (-1) tidy.varFunc.Rd:28-30: Lost braces in \itemize; meant \describe ? checkRd: (-1) tidy.varFunc.Rd:31: Lost braces in \itemize; meant \describe ? checkRd: (-1) tidy.varFunc.Rd:32-33: Lost braces in \itemize; meant \describe ? Flavors: r-devel-linux-x86_64-debian-clang, r-devel-linux-x86_64-debian-gcc, r-devel-linux-x86_64-fedora-clang, r-devel-linux-x86_64-fedora-gcc