CRAN Package Check Results for Package bs4Dash

Last updated on 2021-04-20 17:50:40 CEST.

Flavor Version Tinstall Tcheck Ttotal Status Flags
r-devel-linux-x86_64-debian-clang 0.5.0 5.31 43.71 49.02 NOTE
r-devel-linux-x86_64-debian-gcc 0.5.0 4.57 34.29 38.86 NOTE
r-devel-linux-x86_64-fedora-clang 0.5.0 69.79 NOTE
r-devel-linux-x86_64-fedora-gcc 0.5.0 59.62 NOTE
r-devel-windows-ix86+x86_64 0.5.0 8.00 48.00 56.00 NOTE
r-devel-windows-x86_64-gcc10-UCRT 0.5.0 NOTE
r-patched-linux-x86_64 0.5.0 9.18 42.66 51.84 WARN
r-patched-solaris-x86 0.5.0 96.30 OK
r-release-linux-x86_64 0.5.0 5.11 43.48 48.59 OK
r-release-macos-x86_64 0.5.0 OK
r-release-windows-ix86+x86_64 0.5.0 11.00 66.00 77.00 OK
r-oldrel-macos-x86_64 0.5.0 OK
r-oldrel-windows-ix86+x86_64 0.5.0 6.00 59.00 65.00 OK

Check Details

Version: 0.5.0
Check: LazyData
Result: NOTE
     'LazyData' is specified without a 'data' directory
Flavors: r-devel-linux-x86_64-debian-clang, r-devel-linux-x86_64-debian-gcc, r-devel-linux-x86_64-fedora-clang, r-devel-linux-x86_64-fedora-gcc, r-devel-windows-ix86+x86_64, r-devel-windows-x86_64-gcc10-UCRT

Version: 0.5.0
Check: whether package can be installed
Result: WARN
    Found the following significant warnings:
     Rd warning: /tmp/RtmpNeXscs/R.INSTALL32967427e715/bs4Dash/man/tagAssert.Rd:17: file link ‘uiOutput’ in package ‘shiny’ does not exist and so has been treated as a topic
Flavor: r-patched-linux-x86_64