CRAN Package Check Results for Package decoder

Last updated on 2020-10-25 11:50:29 CET.

Flavor Version Tinstall Tcheck Ttotal Status Flags
r-devel-linux-x86_64-debian-clang 1.2.2 5.31 37.63 42.94 OK
r-devel-linux-x86_64-debian-gcc 1.2.2 4.57 29.15 33.72 OK
r-devel-linux-x86_64-fedora-clang 1.2.2 60.56 NOTE
r-devel-linux-x86_64-fedora-gcc 1.2.2 50.70 NOTE
r-devel-windows-ix86+x86_64 1.2.2 11.00 63.00 74.00 OK
r-patched-linux-x86_64 1.2.2 5.07 35.82 40.89 OK
r-patched-solaris-x86 1.2.2 74.00 NOTE
r-release-linux-x86_64 1.2.2 5.33 36.08 41.41 OK
r-release-macos-x86_64 1.2.2 NOTE
r-release-windows-ix86+x86_64 1.2.2 9.00 47.00 56.00 OK
r-oldrel-macos-x86_64 1.2.2 NOTE
r-oldrel-windows-ix86+x86_64 1.2.2 9.00 53.00 62.00 OK

Check Details

Version: 1.2.2
Check: data for non-ASCII characters
Result: NOTE
     Note: found 1 marked Latin-1 string
     Note: found 46826 marked UTF-8 strings
Flavors: r-devel-linux-x86_64-fedora-clang, r-devel-linux-x86_64-fedora-gcc, r-patched-solaris-x86, r-release-macos-x86_64, r-oldrel-macos-x86_64