Last updated on 2024-08-16 11:49:38 CEST.
Flavor | Version | Tinstall | Tcheck | Ttotal | Status | Flags |
---|---|---|---|---|---|---|
r-devel-linux-x86_64-debian-clang | 1.2.2 | 4.62 | 36.28 | 40.90 | OK | |
r-devel-linux-x86_64-debian-gcc | 1.2.2 | 3.60 | 27.68 | 31.28 | OK | |
r-devel-linux-x86_64-fedora-clang | 1.2.2 | 65.52 | NOTE | |||
r-devel-linux-x86_64-fedora-gcc | 1.2.2 | 76.98 | NOTE | |||
r-devel-windows-x86_64 | 1.2.2 | 7.00 | 64.00 | 71.00 | OK | |
r-patched-linux-x86_64 | 1.2.2 | 5.65 | 34.27 | 39.92 | OK | |
r-release-linux-x86_64 | 1.2.2 | 4.58 | 34.72 | 39.30 | OK | |
r-release-macos-arm64 | 1.2.2 | 29.00 | OK | |||
r-release-macos-x86_64 | 1.2.2 | 45.00 | OK | |||
r-release-windows-x86_64 | 1.2.2 | 6.00 | 63.00 | 69.00 | OK | |
r-oldrel-macos-arm64 | 1.2.2 | 32.00 | OK | |||
r-oldrel-macos-x86_64 | 1.2.2 | 47.00 | OK | |||
r-oldrel-windows-x86_64 | 1.2.2 | 7.00 | 67.00 | 74.00 | OK |
Version: 1.2.2
Check: data for non-ASCII characters
Result: NOTE
Note: found 1 marked Latin-1 string
Note: found 46826 marked UTF-8 strings
Flavors: r-devel-linux-x86_64-fedora-clang, r-devel-linux-x86_64-fedora-gcc