CRAN Package Check Results for Package desctable

Last updated on 2022-11-29 16:55:13 CET.

Flavor Version Tinstall Tcheck Ttotal Status Flags
r-devel-linux-x86_64-debian-clang 0.3.0 7.54 78.59 86.13 OK
r-devel-linux-x86_64-debian-gcc 0.3.0 5.59 58.68 64.27 OK
r-devel-linux-x86_64-fedora-clang 0.3.0 114.60 NOTE
r-devel-linux-x86_64-fedora-gcc 0.3.0 111.04 OK
r-devel-windows-x86_64 0.3.0 34.00 115.00 149.00 OK
r-patched-linux-x86_64 0.3.0 11.67 72.34 84.01 OK
r-release-linux-x86_64 0.3.0 7.08 69.02 76.10 OK
r-release-macos-arm64 0.3.0 35.00 OK
r-release-macos-x86_64 0.3.0 68.00 OK
r-release-windows-x86_64 0.3.0 41.00 110.00 151.00 OK
r-oldrel-macos-arm64 0.3.0 29.00 OK
r-oldrel-macos-x86_64 0.3.0 62.00 OK
r-oldrel-windows-ix86+x86_64 0.3.0 21.00 103.00 124.00 OK

Check Details

Version: 0.3.0
Check: Rd cross-references
Result: NOTE
    Undeclared package ‘htmlwidgets’ in Rd xrefs
Flavor: r-devel-linux-x86_64-fedora-clang