Last updated on 2023-03-24 11:55:50 CET.
Flavor | Version | Tinstall | Tcheck | Ttotal | Status | Flags |
---|---|---|---|---|---|---|
r-devel-linux-x86_64-debian-clang | 1.2.1 | 7.95 | 97.86 | 105.81 | NOTE | |
r-devel-linux-x86_64-debian-gcc | 1.2.1 | 7.30 | 72.38 | 79.68 | NOTE | |
r-devel-linux-x86_64-fedora-clang | 1.2.1 | 130.56 | NOTE | |||
r-devel-linux-x86_64-fedora-gcc | 1.2.1 | 140.60 | NOTE | |||
r-patched-linux-x86_64 | 1.2.1 | 7.09 | 89.03 | 96.12 | OK | |
r-release-linux-x86_64 | 1.2.1 | 8.01 | 91.47 | 99.48 | OK | |
r-release-macos-arm64 | 1.2.1 | 38.00 | OK | |||
r-release-macos-x86_64 | 1.2.1 | 75.00 | OK | |||
r-release-windows-x86_64 | 1.2.1 | 35.00 | 123.00 | 158.00 | OK | |
r-oldrel-macos-arm64 | 1.2.1 | 48.00 | OK | |||
r-oldrel-macos-x86_64 | 1.2.1 | 49.00 | OK | |||
r-oldrel-windows-ix86+x86_64 | 1.2.1 | 17.00 | 122.00 | 139.00 | OK |
Version: 1.2.1
Check: package subdirectories
Result: NOTE
Problems with news in ‘NEWS.md’:
Cannot extract version info from the following section titles:
Functions and objects (details)
Flavors: r-devel-linux-x86_64-debian-clang, r-devel-linux-x86_64-debian-gcc, r-devel-linux-x86_64-fedora-clang, r-devel-linux-x86_64-fedora-gcc