CRAN Package Check Results for Package eye

Last updated on 2024-04-13 11:49:39 CEST.

Flavor Version Tinstall Tcheck Ttotal Status Flags
r-devel-linux-x86_64-debian-clang 1.2.1 9.34 97.40 106.74 NOTE
r-devel-linux-x86_64-debian-gcc 1.2.1 5.67 73.78 79.45 NOTE
r-devel-linux-x86_64-fedora-clang 1.2.1 131.22 NOTE
r-devel-linux-x86_64-fedora-gcc 1.2.1 140.68 NOTE
r-devel-windows-x86_64 1.2.1 9.00 99.00 108.00 NOTE
r-patched-linux-x86_64 1.2.1 9.80 92.18 101.98 NOTE
r-release-linux-x86_64 1.2.1 5.88 90.10 95.98 NOTE
r-release-macos-arm64 1.2.1 48.00 NOTE
r-release-macos-x86_64 1.2.1 73.00 NOTE
r-release-windows-x86_64 1.2.1 11.00 112.00 123.00 NOTE
r-oldrel-macos-arm64 1.2.1 38.00 OK
r-oldrel-windows-x86_64 1.2.1 13.00 104.00 117.00 OK

Check Details

Version: 1.2.1
Check: package subdirectories
Result: NOTE Problems with news in ‘NEWS.md’: Cannot extract version info from the following section titles: Functions and objects (details) Flavors: r-devel-linux-x86_64-debian-clang, r-devel-linux-x86_64-debian-gcc, r-devel-linux-x86_64-fedora-clang, r-devel-linux-x86_64-fedora-gcc, r-devel-windows-x86_64, r-patched-linux-x86_64, r-release-linux-x86_64, r-release-macos-arm64, r-release-macos-x86_64, r-release-windows-x86_64

Version: 1.2.1
Check: Rd files
Result: NOTE checkRd: (-1) va.Rd:80: Lost braces 80 | \doi{10.1016/s0002-9394(02)01825-1}{Beck et al.}, and | ^ Flavors: r-devel-linux-x86_64-debian-clang, r-devel-linux-x86_64-debian-gcc, r-devel-linux-x86_64-fedora-clang, r-devel-linux-x86_64-fedora-gcc, r-devel-windows-x86_64, r-patched-linux-x86_64