CRAN Package Check Results for Package ezr

Last updated on 2021-10-27 23:50:24 CEST.

Flavor Version Tinstall Tcheck Ttotal Status Flags
r-devel-linux-x86_64-debian-clang 0.1.5 6.66 63.17 69.83 NOTE
r-devel-linux-x86_64-debian-gcc 0.1.5 5.74 47.11 52.85 NOTE
r-devel-linux-x86_64-fedora-clang 0.1.5 95.40 NOTE
r-devel-linux-x86_64-fedora-gcc 0.1.5 81.69 NOTE
r-devel-windows-x86_64 0.1.5 12.00 86.00 98.00 NOTE
r-devel-windows-x86_64-gcc10-UCRT 0.1.5 NOTE
r-patched-linux-x86_64 0.1.5 7.37 59.25 66.62 NOTE
r-patched-solaris-x86 0.1.5 118.70 NOTE
r-release-linux-x86_64 0.1.5 5.88 58.82 64.70 NOTE
r-release-macos-arm64 0.1.5 NOTE
r-release-macos-x86_64 0.1.5 NOTE
r-release-windows-ix86+x86_64 0.1.5 13.00 78.00 91.00 NOTE
r-oldrel-macos-x86_64 0.1.5 OK
r-oldrel-windows-ix86+x86_64 0.1.5 14.00 88.00 102.00 OK

Check Details

Version: 0.1.5
Check: LazyData
Result: NOTE
     'LazyData' is specified without a 'data' directory
Flavors: r-devel-linux-x86_64-debian-clang, r-devel-linux-x86_64-debian-gcc, r-devel-linux-x86_64-fedora-clang, r-devel-linux-x86_64-fedora-gcc, r-devel-windows-x86_64, r-devel-windows-x86_64-gcc10-UCRT, r-patched-linux-x86_64, r-patched-solaris-x86, r-release-linux-x86_64, r-release-macos-arm64, r-release-macos-x86_64, r-release-windows-ix86+x86_64