CRAN Package Check Results for Package geocmeans

Last updated on 2021-10-15 23:50:29 CEST.

Flavor Version Tinstall Tcheck Ttotal Status Flags
r-devel-linux-x86_64-debian-clang 0.2.0 122.77 781.19 903.96 OK
r-devel-linux-x86_64-debian-gcc 0.2.0 100.25 551.76 652.01 OK
r-devel-linux-x86_64-fedora-clang 0.2.0 1046.52 NOTE
r-devel-linux-x86_64-fedora-gcc 0.2.0 998.17 NOTE
r-devel-windows-x86_64 0.2.0 134.00 551.00 685.00 NOTE
r-devel-windows-x86_64-gcc10-UCRT 0.2.0 NOTE
r-patched-linux-x86_64 0.2.0 114.32 755.10 869.42 OK
r-patched-solaris-x86 0.2.0 1222.90 NOTE
r-release-linux-x86_64 0.2.0 114.50 757.11 871.61 OK
r-release-macos-arm64 0.2.0 NOTE
r-release-macos-x86_64 0.2.0 NOTE
r-release-windows-ix86+x86_64 0.2.0 288.00 886.00 1174.00 NOTE
r-oldrel-macos-x86_64 0.2.0 NOTE
r-oldrel-windows-ix86+x86_64 0.2.0 297.00 884.00 1181.00 NOTE

Check Details

Version: 0.2.0
Check: installed package size
Result: NOTE
     installed size is 8.9Mb
     sub-directories of 1Mb or more:
     data 2.3Mb
     doc 1.9Mb
     libs 3.5Mb
Flavors: r-devel-linux-x86_64-fedora-clang, r-devel-windows-x86_64, r-patched-solaris-x86, r-release-macos-arm64, r-release-macos-x86_64, r-release-windows-ix86+x86_64, r-oldrel-macos-x86_64, r-oldrel-windows-ix86+x86_64

Version: 0.2.0
Check: dependencies in R code
Result: NOTE
    Namespace in Imports field not imported from: ‘rgdal’
     All declared Imports should be used.
Flavors: r-devel-linux-x86_64-fedora-clang, r-devel-linux-x86_64-fedora-gcc, r-devel-windows-x86_64-gcc10-UCRT, r-patched-solaris-x86, r-release-macos-arm64, r-release-macos-x86_64, r-oldrel-macos-x86_64