Last updated on 2023-03-21 23:52:54 CET.
Flavor | Version | Tinstall | Tcheck | Ttotal | Status | Flags |
---|---|---|---|---|---|---|
r-devel-linux-x86_64-debian-clang | 0.3.3 | 143.21 | 781.72 | 924.93 | OK | |
r-devel-linux-x86_64-debian-gcc | 0.3.3 | 125.93 | 543.26 | 669.19 | OK | |
r-devel-linux-x86_64-fedora-clang | 0.3.3 | 1169.23 | NOTE | |||
r-devel-linux-x86_64-fedora-gcc | 0.3.3 | 1066.41 | OK | |||
r-devel-windows-x86_64 | 0.3.3 | 160.00 | 665.00 | 825.00 | NOTE | |
r-patched-linux-x86_64 | 0.3.3 | 119.09 | 693.14 | 812.23 | OK | |
r-release-linux-x86_64 | 0.3.3 | 106.69 | 703.18 | 809.87 | OK | |
r-release-macos-arm64 | 0.3.3 | 217.00 | NOTE | |||
r-release-macos-x86_64 | 0.3.3 | 392.00 | NOTE | |||
r-release-windows-x86_64 | 0.3.3 | 178.00 | 748.00 | 926.00 | NOTE | |
r-oldrel-macos-arm64 | 0.3.3 | 225.00 | NOTE | |||
r-oldrel-macos-x86_64 | 0.3.3 | 408.00 | NOTE | |||
r-oldrel-windows-ix86+x86_64 | 0.3.3 | 360.00 | 1055.00 | 1415.00 | NOTE |
Version: 0.3.3
Check: installed package size
Result: NOTE
installed size is 6.9Mb
sub-directories of 1Mb or more:
doc 1.8Mb
extdata 3.0Mb
Flavors: r-devel-linux-x86_64-fedora-clang, r-devel-windows-x86_64, r-release-macos-arm64, r-release-macos-x86_64, r-release-windows-x86_64, r-oldrel-macos-arm64, r-oldrel-macos-x86_64, r-oldrel-windows-ix86+x86_64